CRAN Package Check Results for Package modelDown

Last updated on 2024-06-19 08:57:54 CEST.

Flavor Version Tinstall Tcheck Ttotal Status Flags
r-devel-linux-x86_64-debian-clang 1.1 6.29 149.04 155.33 NOTE
r-devel-linux-x86_64-debian-gcc 1.1 5.59 120.35 125.94 NOTE
r-devel-linux-x86_64-fedora-clang 1.1 231.41 NOTE
r-devel-linux-x86_64-fedora-gcc 1.1 232.02 NOTE
r-devel-windows-x86_64 1.1 7.00 123.00 130.00 NOTE
r-patched-linux-x86_64 1.1 4.28 140.87 145.15 NOTE
r-release-linux-x86_64 1.1 4.42 144.05 148.47 NOTE
r-release-macos-arm64 1.1 61.00 NOTE
r-release-macos-x86_64 1.1 82.00 NOTE
r-release-windows-x86_64 1.1 9.00 132.00 141.00 NOTE
r-oldrel-macos-arm64 1.1 69.00 NOTE
r-oldrel-macos-x86_64 1.1 92.00 NOTE
r-oldrel-windows-x86_64 1.1 10.00 150.00 160.00 NOTE

Check Details

Version: 1.1
Check: Rd files
Result: NOTE checkRd: (-1) modelDown.Rd:28: Lost braces in \itemize; meant \describe ? checkRd: (-1) modelDown.Rd:29: Lost braces in \itemize; meant \describe ? checkRd: (-1) modelDown.Rd:30: Lost braces in \itemize; meant \describe ? checkRd: (-1) modelDown.Rd:31: Lost braces in \itemize; meant \describe ? Flavors: r-devel-linux-x86_64-debian-clang, r-devel-linux-x86_64-debian-gcc, r-devel-linux-x86_64-fedora-clang, r-devel-linux-x86_64-fedora-gcc, r-devel-windows-x86_64, r-patched-linux-x86_64, r-release-linux-x86_64, r-release-macos-arm64, r-release-macos-x86_64, r-release-windows-x86_64

Version: 1.1
Check: LazyData
Result: NOTE 'LazyData' is specified without a 'data' directory Flavors: r-devel-linux-x86_64-debian-clang, r-devel-linux-x86_64-debian-gcc, r-devel-linux-x86_64-fedora-clang, r-devel-linux-x86_64-fedora-gcc, r-devel-windows-x86_64, r-patched-linux-x86_64, r-release-linux-x86_64, r-release-macos-arm64, r-release-macos-x86_64, r-release-windows-x86_64, r-oldrel-macos-arm64, r-oldrel-macos-x86_64, r-oldrel-windows-x86_64

Version: 1.1
Check: dependencies in R code
Result: NOTE Namespaces in Imports field not imported from: ‘DALEX’ ‘DT’ ‘auditor’ ‘breakDown’ ‘drifter’ ‘svglite’ All declared Imports should be used. Flavors: r-devel-linux-x86_64-fedora-clang, r-devel-linux-x86_64-fedora-gcc