CRAN Package Check Results for Package modeldata

Last updated on 2022-12-06 00:51:15 CET.

Flavor Version Tinstall Tcheck Ttotal Status Flags
r-devel-linux-x86_64-debian-clang 1.0.1 18.19 63.26 81.45 OK
r-devel-linux-x86_64-debian-gcc 1.0.1 15.56 47.35 62.91 OK
r-devel-linux-x86_64-fedora-clang 1.0.1 113.37 NOTE
r-devel-linux-x86_64-fedora-gcc 1.0.1 111.23 NOTE
r-devel-windows-x86_64 1.0.1 50.00 101.00 151.00 OK
r-patched-linux-x86_64 1.0.1 18.01 57.29 75.30 OK
r-release-linux-x86_64 1.0.1 19.24 58.80 78.04 OK
r-release-macos-arm64 1.0.1 41.00 NOTE
r-release-macos-x86_64 1.0.1 51.00 NOTE
r-release-windows-x86_64 1.0.1 49.00 97.00 146.00 OK
r-oldrel-macos-arm64 1.0.1 42.00 NOTE
r-oldrel-macos-x86_64 1.0.1 50.00 NOTE
r-oldrel-windows-ix86+x86_64 1.0.1 33.00 84.00 117.00 OK

Check Details

Version: 1.0.1
Check: Rd cross-references
Result: NOTE
    Undeclared package ‘caret’ in Rd xrefs
Flavor: r-devel-linux-x86_64-fedora-clang

Version: 1.0.1
Check: data for non-ASCII characters
Result: NOTE
     Note: found 313 marked UTF-8 strings
Flavors: r-devel-linux-x86_64-fedora-clang, r-devel-linux-x86_64-fedora-gcc, r-release-macos-arm64, r-release-macos-x86_64, r-oldrel-macos-arm64, r-oldrel-macos-x86_64