CRAN Package Check Results for Package modelr

Last updated on 2021-12-09 00:51:45 CET.

Flavor Version Tinstall Tcheck Ttotal Status Flags
r-devel-linux-x86_64-debian-clang 0.1.8 5.17 71.49 76.66 OK
r-devel-linux-x86_64-debian-gcc 0.1.8 4.15 54.90 59.05 OK
r-devel-linux-x86_64-fedora-clang 0.1.8 89.43 NOTE
r-devel-linux-x86_64-fedora-gcc 0.1.8 78.47 OK
r-devel-windows-x86_64-new-UL 0.1.8 14.00 104.00 118.00 OK
r-devel-windows-x86_64-new-TK 0.1.8 OK
r-devel-windows-x86_64-old 0.1.8 10.00 69.00 79.00 OK
r-patched-linux-x86_64 0.1.8 5.14 66.65 71.79 OK
r-release-linux-x86_64 0.1.8 4.67 65.43 70.10 OK
r-release-macos-arm64 0.1.8 OK
r-release-macos-x86_64 0.1.8 OK
r-release-windows-ix86+x86_64 0.1.8 11.00 82.00 93.00 OK
r-oldrel-macos-x86_64 0.1.8 OK
r-oldrel-windows-ix86+x86_64 0.1.8 15.00 91.00 106.00 OK

Check Details

Version: 0.1.8
Check: Rd cross-references
Result: NOTE
    Undeclared packages ‘lme4’, ‘rstanarm’, ‘dplyr’ in Rd xrefs
Flavor: r-devel-linux-x86_64-fedora-clang