CRAN Package Check Results for Package moderndive

Last updated on 2022-10-07 02:49:59 CEST.

Flavor Version Tinstall Tcheck Ttotal Status Flags
r-devel-linux-x86_64-debian-clang 0.5.4 11.95 116.69 128.64 OK
r-devel-linux-x86_64-debian-gcc 0.5.4 9.16 84.86 94.02 OK
r-devel-linux-x86_64-fedora-clang 0.5.4 161.64 NOTE
r-devel-linux-x86_64-fedora-gcc 0.5.4 154.15 NOTE
r-devel-windows-x86_64 0.5.4 303.00 164.00 467.00 OK
r-patched-linux-x86_64 0.5.4 10.99 106.41 117.40 OK
r-release-linux-x86_64 0.5.4 7.33 106.12 113.45 OK
r-release-macos-arm64 0.5.4 49.00 NOTE
r-release-macos-x86_64 0.5.4 71.00 NOTE
r-release-windows-x86_64 0.5.4 130.00 155.00 285.00 OK
r-oldrel-macos-arm64 0.5.4 51.00 NOTE
r-oldrel-macos-x86_64 0.5.4 67.00 NOTE
r-oldrel-windows-ix86+x86_64 0.5.4 25.00 144.00 169.00 OK

Check Details

Version: 0.5.4
Check: data for non-ASCII characters
Result: NOTE
     Note: found 5238 marked UTF-8 strings
Flavors: r-devel-linux-x86_64-fedora-clang, r-devel-linux-x86_64-fedora-gcc, r-release-macos-arm64, r-release-macos-x86_64, r-oldrel-macos-arm64, r-oldrel-macos-x86_64