CRAN Package Check Results for Package modifiedmk

Last updated on 2019-10-17 01:49:07 CEST.

Flavor Version Tinstall Tcheck Ttotal Status Flags
r-devel-linux-x86_64-debian-clang 1.4.0 2.76 27.95 30.71 NOTE
r-devel-linux-x86_64-debian-gcc 1.4.0 2.19 22.64 24.83 NOTE
r-devel-linux-x86_64-fedora-clang 1.4.0 38.70 OK
r-devel-linux-x86_64-fedora-gcc 1.4.0 37.74 OK
r-devel-windows-ix86+x86_64 1.4.0 10.00 39.00 49.00 NOTE
r-patched-linux-x86_64 1.4.0 2.98 27.69 30.67 OK
r-patched-solaris-x86 1.4.0 58.20 OK
r-release-linux-x86_64 1.4.0 2.22 27.75 29.97 OK
r-release-windows-ix86+x86_64 1.4.0 5.00 63.00 68.00 OK
r-release-osx-x86_64 1.4.0 OK
r-oldrel-windows-ix86+x86_64 1.4.0 4.00 38.00 42.00 OK
r-oldrel-osx-x86_64 1.4.0 OK

Check Details

Version: 1.4.0
Check: package vignettes
Result: NOTE
    Package vignette with placeholder title 'Vignette Title':
     'my-vignette.Rmd'
Flavors: r-devel-linux-x86_64-debian-clang, r-devel-linux-x86_64-debian-gcc, r-devel-windows-ix86+x86_64