Last updated on 2023-01-29 00:53:40 CET.
Flavor | Version | Tinstall | Tcheck | Ttotal | Status | Flags |
---|---|---|---|---|---|---|
r-devel-linux-x86_64-debian-clang | 1.5.5 | 159.24 | 550.35 | 709.59 | OK | |
r-devel-linux-x86_64-debian-gcc | 1.5.5 | 130.69 | 398.28 | 528.97 | OK | |
r-devel-linux-x86_64-fedora-clang | 1.5.5 | 963.83 | OK | |||
r-devel-linux-x86_64-fedora-gcc | 1.5.5 | 889.66 | OK | |||
r-patched-linux-x86_64 | 1.5.5 | 150.68 | 535.69 | 686.37 | OK | |
r-release-linux-x86_64 | 1.5.5 | 140.66 | 532.50 | 673.16 | OK | |
r-release-macos-arm64 | 1.5.5 | 232.00 | NOTE | |||
r-release-macos-x86_64 | 1.5.5 | 280.00 | NOTE | |||
r-release-windows-x86_64 | 1.5.5 | 237.00 | 582.00 | 819.00 | OK | |
r-oldrel-macos-arm64 | 1.5.5 | 228.00 | NOTE | |||
r-oldrel-macos-x86_64 | 1.5.5 | 274.00 | NOTE | |||
r-oldrel-windows-ix86+x86_64 | 1.5.5 | 352.00 | 753.00 | 1105.00 | NOTE |
Version: 1.5.5
Check: installed package size
Result: NOTE
installed size is 9.1Mb
sub-directories of 1Mb or more:
R 2.0Mb
doc 1.7Mb
libs 4.7Mb
Flavors: r-release-macos-arm64, r-release-macos-x86_64, r-oldrel-macos-arm64, r-oldrel-macos-x86_64, r-oldrel-windows-ix86+x86_64