CRAN Package Check Results for Package momentuHMM

Last updated on 2020-07-06 01:54:09 CEST.

Flavor Version Tinstall Tcheck Ttotal Status Flags
r-devel-linux-x86_64-debian-clang 1.5.1 142.80 352.85 495.65 OK
r-devel-linux-x86_64-debian-gcc 1.5.1 104.52 261.32 365.84 OK
r-devel-linux-x86_64-fedora-clang 1.5.1 615.72 NOTE
r-devel-linux-x86_64-fedora-gcc 1.5.1 603.11 OK
r-devel-windows-ix86+x86_64 1.5.1 354.00 423.00 777.00 NOTE
r-patched-linux-x86_64 1.5.1 97.74 347.72 445.46 OK
r-patched-solaris-x86 1.5.1 695.40 OK
r-release-linux-x86_64 1.5.1 93.81 345.45 439.26 OK
r-release-osx-x86_64 1.5.1 NOTE
r-release-windows-ix86+x86_64 1.5.1 266.00 454.00 720.00 NOTE
r-oldrel-osx-x86_64 1.5.1 NOTE
r-oldrel-windows-ix86+x86_64 1.5.1 338.00 997.00 1335.00 NOTE

Check Details

Version: 1.5.1
Check: package dependencies
Result: NOTE
    Imports includes 31 non-default packages.
    Importing from so many packages makes the package vulnerable to any of
    them becoming unavailable. Move as many as possible to Suggests and
    use conditionally.
Flavor: r-devel-linux-x86_64-fedora-clang

Version: 1.5.1
Check: installed package size
Result: NOTE
     installed size is 8.4Mb
     sub-directories of 1Mb or more:
     R 1.1Mb
     doc 1.7Mb
     libs 4.9Mb
Flavors: r-devel-linux-x86_64-fedora-clang, r-devel-windows-ix86+x86_64, r-release-osx-x86_64, r-release-windows-ix86+x86_64, r-oldrel-osx-x86_64, r-oldrel-windows-ix86+x86_64

Version: 1.5.1
Check: Rd cross-references
Result: NOTE
    Undeclared package ‘sf’ in Rd xrefs
Flavor: r-devel-linux-x86_64-fedora-clang