CRAN Package Check Results for Package monitoR

Last updated on 2021-10-22 01:55:11 CEST.

Flavor Version Tinstall Tcheck Ttotal Status Flags
r-devel-linux-x86_64-debian-clang 1.0.7 14.93 120.39 135.32 OK
r-devel-linux-x86_64-debian-gcc 1.0.7 9.74 92.14 101.88 OK
r-devel-linux-x86_64-fedora-clang 1.0.7 173.88 NOTE
r-devel-linux-x86_64-fedora-gcc 1.0.7 163.84 OK
r-devel-windows-x86_64 1.0.7 22.00 150.00 172.00 OK
r-devel-windows-x86_64-gcc10-UCRT 1.0.7 OK
r-patched-linux-x86_64 1.0.7 15.32 119.54 134.86 OK
r-patched-solaris-x86 1.0.7 208.10 OK
r-release-linux-x86_64 1.0.7 12.07 118.20 130.27 OK
r-release-macos-arm64 1.0.7 NOTE
r-release-macos-x86_64 1.0.7 OK
r-release-windows-ix86+x86_64 1.0.7 19.00 149.00 168.00 OK
r-oldrel-macos-x86_64 1.0.7 OK
r-oldrel-windows-ix86+x86_64 1.0.7 25.00 145.00 170.00 OK

Check Details

Version: 1.0.7
Check: Rd cross-references
Result: NOTE
    Undeclared package ‘seewave’ in Rd xrefs
Flavor: r-devel-linux-x86_64-fedora-clang

Version: 1.0.7
Check: package dependencies
Result: NOTE
    Package suggested but not available for checking: ‘RODBC’
Flavor: r-release-macos-arm64

Version: 1.0.7
Check: Rd cross-references
Result: NOTE
    Package unavailable to check Rd xrefs: ‘RODBC’
Flavor: r-release-macos-arm64