CRAN Package Check Results for Package monkeylearn

Last updated on 2020-09-28 01:49:03 CEST.

Flavor Version Tinstall Tcheck Ttotal Status Flags
r-devel-linux-x86_64-debian-clang 0.2.0 2.53 26.85 29.38 OK
r-devel-linux-x86_64-debian-gcc 0.2.0 2.35 20.67 23.02 OK
r-devel-linux-x86_64-fedora-clang 0.2.0 44.06 NOTE
r-devel-linux-x86_64-fedora-gcc 0.2.0 34.93 NOTE
r-devel-windows-ix86+x86_64 0.2.0 6.00 45.00 51.00 OK
r-patched-linux-x86_64 0.2.0 2.88 25.39 28.27 OK
r-patched-solaris-x86 0.2.0 55.00 NOTE
r-release-linux-x86_64 0.2.0 3.14 25.65 28.79 OK
r-release-macos-x86_64 0.2.0 NOTE
r-release-windows-ix86+x86_64 0.2.0 7.00 44.00 51.00 OK
r-oldrel-macos-x86_64 0.2.0 NOTE
r-oldrel-windows-ix86+x86_64 0.2.0 5.00 40.00 45.00 OK

Check Details

Version: 0.2.0
Check: dependencies in R code
Result: NOTE
    Namespace in Imports field not imported from: ‘ratelimitr’
     All declared Imports should be used.
Flavors: r-devel-linux-x86_64-fedora-clang, r-devel-linux-x86_64-fedora-gcc, r-patched-solaris-x86, r-release-macos-x86_64, r-oldrel-macos-x86_64