CRAN Package Check Results for Package monoClust

Last updated on 2024-03-04 07:48:34 CET.

Flavor Version Tinstall Tcheck Ttotal Status Flags
r-devel-linux-x86_64-debian-clang 1.2.1 6.63 104.22 110.85 NOTE
r-devel-linux-x86_64-debian-gcc 1.2.1 5.12 77.51 82.63 NOTE
r-devel-linux-x86_64-fedora-clang 1.2.1 135.90 NOTE
r-devel-linux-x86_64-fedora-gcc 1.2.1 141.89 NOTE
r-devel-windows-x86_64 1.2.1 7.00 96.00 103.00 NOTE
r-patched-linux-x86_64 1.2.1 7.72 100.66 108.38 OK
r-release-linux-x86_64 1.2.1 4.14 100.73 104.87 OK
r-release-macos-arm64 1.2.1 48.00 OK
r-release-macos-x86_64 1.2.1 79.00 OK
r-release-windows-x86_64 1.2.1 11.00 119.00 130.00 OK
r-oldrel-macos-arm64 1.2.1 40.00 OK
r-oldrel-windows-x86_64 1.2.1 10.00 116.00 126.00 OK

Check Details

Version: 1.2.1
Check: Rd files
Result: NOTE checkRd: (-1) circ_dist.Rd:21: Lost braces; missing escapes or markup? 21 | The distance between two observations {i} and {j} of a circular variable {q} | ^ checkRd: (-1) circ_dist.Rd:21: Lost braces; missing escapes or markup? 21 | The distance between two observations {i} and {j} of a circular variable {q} | ^ checkRd: (-1) circ_dist.Rd:21: Lost braces; missing escapes or markup? 21 | The distance between two observations {i} and {j} of a circular variable {q} | ^ Flavors: r-devel-linux-x86_64-debian-clang, r-devel-linux-x86_64-debian-gcc, r-devel-linux-x86_64-fedora-clang, r-devel-linux-x86_64-fedora-gcc, r-devel-windows-x86_64