CRAN Package Check Results for Package morse

Last updated on 2020-02-28 00:48:00 CET.

Flavor Version Tinstall Tcheck Ttotal Status Flags
r-devel-linux-x86_64-debian-clang 3.2.5 12.50 268.53 281.03 OK --no-vignettes
r-devel-linux-x86_64-debian-gcc 3.2.5 10.41 186.30 196.71 OK --no-vignettes
r-devel-linux-x86_64-fedora-clang 3.2.5 378.90 OK --no-vignettes
r-devel-linux-x86_64-fedora-gcc 3.2.5 323.76 OK --no-vignettes
r-devel-windows-ix86+x86_64 3.2.5 20.00 336.00 356.00 OK --no-vignettes
r-devel-windows-ix86+x86_64-gcc8 3.2.5 26.00 285.00 311.00 OK --no-vignettes
r-patched-linux-x86_64 3.2.5 11.62 245.68 257.30 OK --no-vignettes
r-patched-solaris-x86 3.2.5 766.20 OK --no-vignettes
r-release-linux-x86_64 3.2.5 10.18 267.43 277.61 OK --no-vignettes
r-release-windows-ix86+x86_64 3.2.5 22.00 260.00 282.00 OK --no-vignettes
r-release-osx-x86_64 3.2.5 WARN
r-oldrel-windows-ix86+x86_64 3.2.5 12.00 314.00 326.00 OK --no-vignettes
r-oldrel-osx-x86_64 3.2.5 WARN

Check Details

Version: 3.2.5
Check: re-building of vignette outputs
Result: WARN
    Error(s) in re-building vignettes:
    --- re-building ‘tutorial.Rmd’ using rmarkdown
    Warning in engine$weave(file, quiet = quiet, encoding = enc) :
     Pandoc (>= 1.12.3) and/or pandoc-citeproc not available. Falling back to R Markdown v1.
    
    Attaching package: 'dplyr'
    
    The following objects are masked from 'package:stats':
    
     filter, lag
    
    The following objects are masked from 'package:base':
    
     intersect, setdiff, setequal, union
    
    Quitting from lines 342-344 (tutorial.Rmd)
    Error: processing vignette 'tutorial.Rmd' failed with diagnostics:
    The model needs too many iterations to provide reliable parameter estimates !
    --- failed re-building ‘tutorial.Rmd’
    
    --- re-building ‘modelling.Snw’ using Sweave
    --- finished re-building ‘modelling.Snw’
    
    SUMMARY: processing the following file failed:
     ‘tutorial.Rmd’
    
    Error: Vignette re-building failed.
    Execution halted
Flavor: r-release-osx-x86_64

Version: 3.2.5
Check: re-building of vignette outputs
Result: WARN
    Error in re-building vignettes:
     ...
    Warning in engine$weave(file, quiet = quiet, encoding = enc) :
     Pandoc (>= 1.12.3) and/or pandoc-citeproc not available. Falling back to R Markdown v1.
    
    Attaching package: 'dplyr'
    
    The following objects are masked from 'package:stats':
    
     filter, lag
    
    The following objects are masked from 'package:base':
    
     intersect, setdiff, setequal, union
    
    Quitting from lines 342-344 (tutorial.Rmd)
    Error: processing vignette 'tutorial.Rmd' failed with diagnostics:
    The model needs too many iterations to provide reliable parameter estimates !
    Execution halted
Flavor: r-oldrel-osx-x86_64