Last updated on 2023-12-01 07:50:11 CET.
Flavor | Version | Tinstall | Tcheck | Ttotal | Status | Flags |
---|---|---|---|---|---|---|
r-devel-linux-x86_64-debian-clang | 3.3.2 | 17.18 | 360.07 | 377.25 | NOTE | |
r-devel-linux-x86_64-debian-gcc | 3.3.2 | 13.90 | 262.08 | 275.98 | NOTE | |
r-devel-linux-x86_64-fedora-clang | 3.3.2 | 454.07 | NOTE | |||
r-devel-linux-x86_64-fedora-gcc | 3.3.2 | 480.06 | NOTE | |||
r-devel-windows-x86_64 | 3.3.2 | 17.00 | 238.00 | 255.00 | OK | --no-vignettes |
r-patched-linux-x86_64 | 3.3.2 | 9.91 | 350.36 | 360.27 | OK | |
r-release-linux-x86_64 | 3.3.2 | 9.44 | 346.76 | 356.20 | OK | |
r-release-macos-arm64 | 3.3.2 | 138.00 | OK | |||
r-release-macos-x86_64 | 3.3.2 | 237.00 | OK | |||
r-release-windows-x86_64 | 3.3.2 | 22.00 | 313.00 | 335.00 | OK | --no-vignettes |
r-oldrel-macos-arm64 | 3.3.2 | 123.00 | OK | |||
r-oldrel-macos-x86_64 | 3.3.2 | 176.00 | OK | |||
r-oldrel-windows-x86_64 | 3.3.2 | 22.00 | 320.00 | 342.00 | OK | --no-vignettes |
Version: 3.3.2
Check: Rd files
Result: NOTE
checkRd: (-1) plot.LCx.Rd:34: Lost braces
34 | \\code{LCx} class. It plots the survival probability as a function of concentration.
| ^
Flavors: r-devel-linux-x86_64-debian-clang, r-devel-linux-x86_64-debian-gcc
Version: 3.3.2
Check: compiled code
Result: NOTE
File ‘morse/libs/morse.so’:
Found no calls to: ‘R_registerRoutines’, ‘R_useDynamicSymbols’
It is good practice to register native routines and to disable symbol
search.
See ‘Writing portable packages’ in the ‘Writing R Extensions’ manual.
Flavors: r-devel-linux-x86_64-fedora-clang, r-devel-linux-x86_64-fedora-gcc