CRAN Package Check Results for Package mosaicData

Last updated on 2020-09-22 02:17:25 CEST.

Flavor Version Tinstall Tcheck Ttotal Status Flags
r-devel-linux-x86_64-debian-clang 0.20.1 4.27 38.60 42.87 OK
r-devel-linux-x86_64-debian-gcc 0.20.1 3.52 28.69 32.21 OK
r-devel-linux-x86_64-fedora-clang 0.20.1 58.88 NOTE
r-devel-linux-x86_64-fedora-gcc 0.20.1 48.30 NOTE
r-devel-windows-ix86+x86_64 0.20.1 8.00 53.00 61.00 OK
r-patched-linux-x86_64 0.20.1 3.89 36.81 40.70 OK
r-patched-solaris-x86 0.20.1 73.50 NOTE
r-release-linux-x86_64 0.20.1 4.12 38.21 42.33 OK
r-release-macos-x86_64 0.20.1 NOTE
r-release-windows-ix86+x86_64 0.20.1 7.00 55.00 62.00 OK
r-oldrel-macos-x86_64 0.20.1 NOTE
r-oldrel-windows-ix86+x86_64 0.20.1 6.00 46.00 52.00 OK

Check Details

Version: 0.20.1
Check: data for non-ASCII characters
Result: NOTE
     Note: found 7 marked UTF-8 strings
Flavors: r-devel-linux-x86_64-fedora-clang, r-devel-linux-x86_64-fedora-gcc, r-patched-solaris-x86, r-release-macos-x86_64, r-oldrel-macos-x86_64