Last updated on 2023-11-30 08:50:01 CET.
Flavor | Version | Tinstall | Tcheck | Ttotal | Status | Flags |
---|---|---|---|---|---|---|
r-devel-linux-x86_64-debian-clang | 0.20.4 | 3.84 | 41.91 | 45.75 | OK | |
r-devel-linux-x86_64-debian-gcc | 0.20.4 | 2.63 | 32.29 | 34.92 | OK | |
r-devel-linux-x86_64-fedora-clang | 0.20.4 | 57.77 | NOTE | |||
r-devel-linux-x86_64-fedora-gcc | 0.20.4 | 54.56 | NOTE | |||
r-devel-windows-x86_64 | 0.20.4 | 5.00 | 64.00 | 69.00 | OK | |
r-patched-linux-x86_64 | 0.20.4 | 5.04 | 40.74 | 45.78 | OK | |
r-release-linux-x86_64 | 0.20.4 | 4.31 | 40.50 | 44.81 | OK | |
r-release-macos-arm64 | 0.20.4 | 29.00 | OK | |||
r-release-macos-x86_64 | 0.20.4 | 70.00 | OK | |||
r-release-windows-x86_64 | 0.20.4 | 8.00 | 72.00 | 80.00 | OK | |
r-oldrel-macos-arm64 | 0.20.4 | 34.00 | OK | |||
r-oldrel-macos-x86_64 | 0.20.3 | 47.00 | NOTE | |||
r-oldrel-windows-x86_64 | 0.20.4 | 8.00 | 69.00 | 77.00 | OK |
Version: 0.20.4
Check: data for non-ASCII characters
Result: NOTE
Note: found 7 marked UTF-8 strings
Flavors: r-devel-linux-x86_64-fedora-clang, r-devel-linux-x86_64-fedora-gcc
Version: 0.20.3
Check: data for non-ASCII characters
Result: NOTE
Note: found 7 marked UTF-8 strings
Flavor: r-oldrel-macos-x86_64