CRAN Package Check Results for Package mosaicModel

Last updated on 2019-11-18 00:54:25 CET.

Flavor Version Tinstall Tcheck Ttotal Status Flags
r-devel-linux-x86_64-debian-clang 0.3.0 6.40 79.11 85.51 OK
r-devel-linux-x86_64-debian-gcc 0.3.0 6.42 62.20 68.62 OK
r-devel-linux-x86_64-fedora-clang 0.3.0 102.15 NOTE
r-devel-linux-x86_64-fedora-gcc 0.3.0 101.56 NOTE
r-devel-windows-ix86+x86_64 0.3.0 28.00 128.00 156.00 OK
r-patched-linux-x86_64 0.3.0 6.03 76.10 82.13 OK
r-patched-solaris-x86 0.3.0 139.10 NOTE
r-release-linux-x86_64 0.3.0 6.03 73.03 79.06 OK
r-release-windows-ix86+x86_64 0.3.0 15.00 158.00 173.00 OK
r-release-osx-x86_64 0.3.0 NOTE
r-oldrel-windows-ix86+x86_64 0.3.0 10.00 92.00 102.00 OK
r-oldrel-osx-x86_64 0.3.0 NOTE

Check Details

Version: 0.3.0
Check: dependencies in R code
Result: NOTE
    Namespaces in Imports field not imported from:
     ‘MASS’ ‘caret’ ‘ggformula’ ‘knitr’ ‘testthat’ ‘tidyverse’
     All declared Imports should be used.
Flavors: r-devel-linux-x86_64-fedora-clang, r-devel-linux-x86_64-fedora-gcc, r-patched-solaris-x86, r-release-osx-x86_64, r-oldrel-osx-x86_64