CRAN Package Check Results for Package mosaicModel

Last updated on 2020-08-12 01:47:06 CEST.

Flavor Version Tinstall Tcheck Ttotal Status Flags
r-devel-linux-x86_64-debian-clang 0.3.0 6.36 82.56 88.92 OK
r-devel-linux-x86_64-debian-gcc 0.3.0 0.43 1.96 2.39 ERROR
r-devel-linux-x86_64-fedora-clang 0.3.0 109.38 NOTE
r-devel-linux-x86_64-fedora-gcc 0.3.0 98.28 NOTE
r-devel-windows-ix86+x86_64 0.3.0 21.00 131.00 152.00 OK
r-patched-linux-x86_64 0.3.0 5.82 77.48 83.30 OK
r-patched-solaris-x86 0.3.0 149.30 NOTE
r-release-linux-x86_64 0.3.0 0.47 2.81 3.28 ERROR
r-release-macos-x86_64 0.3.0 NOTE
r-release-windows-ix86+x86_64 0.3.0 23.00 86.00 109.00 OK
r-oldrel-macos-x86_64 0.3.0 NOTE
r-oldrel-windows-ix86+x86_64 0.3.0 12.00 87.00 99.00 OK

Check Details

Version: 0.3.0
Check: package dependencies
Result: ERROR
    Packages required but not available:
     'mosaicCore', 'caret', 'ggformula', 'tidyr', 'tidyverse'
    
    Package suggested but not available for checking: ‘mosaic’
    
    See section ‘The DESCRIPTION file’ in the ‘Writing R Extensions’
    manual.
Flavors: r-devel-linux-x86_64-debian-gcc, r-release-linux-x86_64

Version: 0.3.0
Check: dependencies in R code
Result: NOTE
    Namespaces in Imports field not imported from:
     ‘MASS’ ‘caret’ ‘ggformula’ ‘knitr’ ‘testthat’ ‘tidyverse’
     All declared Imports should be used.
Flavors: r-devel-linux-x86_64-fedora-clang, r-devel-linux-x86_64-fedora-gcc, r-patched-solaris-x86, r-release-macos-x86_64, r-oldrel-macos-x86_64