CRAN Package Check Results for Package mosaicModel

Last updated on 2020-06-03 01:50:52 CEST.

Flavor Version Tinstall Tcheck Ttotal Status Flags
r-devel-linux-x86_64-debian-clang 0.3.0 7.32 84.68 92.00 OK
r-devel-linux-x86_64-debian-gcc 0.3.0 6.30 62.78 69.08 OK
r-devel-linux-x86_64-fedora-clang 0.3.0 117.11 NOTE
r-devel-linux-x86_64-fedora-gcc 0.3.0 105.51 NOTE
r-devel-windows-ix86+x86_64 0.3.0 25.00 135.00 160.00 OK
r-patched-linux-x86_64 0.3.0 5.85 81.13 86.98 OK
r-patched-solaris-x86 0.3.0 152.30 NOTE
r-release-linux-x86_64 0.3.0 7.20 84.62 91.82 OK
r-release-osx-x86_64 0.3.0 NOTE
r-release-windows-ix86+x86_64 0.3.0 19.00 95.00 114.00 OK
r-oldrel-osx-x86_64 0.3.0 NOTE
r-oldrel-windows-ix86+x86_64 0.3.0 17.00 99.00 116.00 OK

Check Details

Version: 0.3.0
Check: dependencies in R code
Result: NOTE
    Namespaces in Imports field not imported from:
     ‘MASS’ ‘caret’ ‘ggformula’ ‘knitr’ ‘testthat’ ‘tidyverse’
     All declared Imports should be used.
Flavors: r-devel-linux-x86_64-fedora-clang, r-devel-linux-x86_64-fedora-gcc, r-patched-solaris-x86, r-release-osx-x86_64, r-oldrel-osx-x86_64