CRAN Package Check Results for Package mosaicModel

Last updated on 2023-06-07 08:01:55 CEST.

Flavor Version Tinstall Tcheck Ttotal Status Flags
r-devel-linux-x86_64-debian-clang 0.3.0 7.38 95.08 102.46 OK
r-devel-linux-x86_64-debian-gcc 0.3.0 7.02 72.15 79.17 OK
r-devel-linux-x86_64-fedora-clang 0.3.0 127.59 NOTE
r-devel-linux-x86_64-fedora-gcc 0.3.0 143.50 NOTE
r-devel-windows-x86_64 0.3.0 10.00 101.00 111.00 OK
r-patched-linux-x86_64 0.3.0 7.04 87.31 94.35 OK
r-release-linux-x86_64 0.3.0 8.31 89.09 97.40 OK
r-release-macos-arm64 0.3.0 50.00 OK
r-release-macos-x86_64 0.3.0 75.00 OK
r-release-windows-x86_64 0.3.0 13.00 111.00 124.00 OK
r-oldrel-macos-arm64 0.3.0 45.00 NOTE
r-oldrel-macos-x86_64 0.3.0 71.00 NOTE
r-oldrel-windows-x86_64 0.3.0 13.00 123.00 136.00 OK

Check Details

Version: 0.3.0
Check: dependencies in R code
Result: NOTE
    Namespaces in Imports field not imported from:
     ‘MASS’ ‘caret’ ‘ggformula’ ‘knitr’ ‘testthat’ ‘tidyverse’
     All declared Imports should be used.
Flavors: r-devel-linux-x86_64-fedora-clang, r-devel-linux-x86_64-fedora-gcc, r-oldrel-macos-arm64, r-oldrel-macos-x86_64