CRAN Package Check Results for Package mosqcontrol

Last updated on 2023-01-30 01:53:38 CET.

Flavor Version Tinstall Tcheck Ttotal Status Flags
r-devel-linux-x86_64-debian-clang 0.1.0 4.86 39.41 44.27 NOTE
r-devel-linux-x86_64-debian-gcc 0.1.0 4.14 29.58 33.72 NOTE
r-devel-linux-x86_64-fedora-clang 0.1.0 55.78 NOTE
r-devel-linux-x86_64-fedora-gcc 0.1.0 64.30 NOTE
r-devel-windows-x86_64 0.1.0 22.00 68.00 90.00 NOTE
r-patched-linux-x86_64 0.1.0 4.11 38.69 42.80 NOTE
r-release-linux-x86_64 0.1.0 3.58 39.52 43.10 NOTE
r-release-macos-arm64 0.1.0 23.00 NOTE
r-release-macos-x86_64 0.1.0 34.00 NOTE
r-release-windows-x86_64 0.1.0 21.00 75.00 96.00 NOTE
r-oldrel-macos-arm64 0.1.0 23.00 NOTE
r-oldrel-macos-x86_64 0.1.0 37.00 NOTE
r-oldrel-windows-ix86+x86_64 0.1.0 11.00 62.00 73.00 NOTE

Check Details

Version: 0.1.0
Check: LazyData
Result: NOTE
     'LazyData' is specified without a 'data' directory
Flavors: r-devel-linux-x86_64-debian-clang, r-devel-linux-x86_64-debian-gcc, r-devel-linux-x86_64-fedora-clang, r-devel-linux-x86_64-fedora-gcc, r-devel-windows-x86_64, r-patched-linux-x86_64, r-release-linux-x86_64, r-release-macos-arm64, r-release-macos-x86_64, r-release-windows-x86_64, r-oldrel-macos-arm64, r-oldrel-macos-x86_64, r-oldrel-windows-ix86+x86_64

Version: 0.1.0
Check: dependencies in R code
Result: NOTE
    Namespace in Imports field not imported from: ‘NlcOptim’
     All declared Imports should be used.
Flavors: r-devel-linux-x86_64-fedora-clang, r-devel-linux-x86_64-fedora-gcc, r-release-macos-arm64, r-release-macos-x86_64, r-oldrel-macos-arm64, r-oldrel-macos-x86_64