CRAN Package Check Results for Package mosqcontrol

Last updated on 2022-08-14 01:49:19 CEST.

Flavor Version Tinstall Tcheck Ttotal Status Flags
r-devel-linux-x86_64-debian-clang 0.1.0 6.13 39.75 45.88 NOTE
r-devel-linux-x86_64-debian-gcc 0.1.0 4.46 29.92 34.38 NOTE
r-devel-linux-x86_64-fedora-clang 0.1.0 66.24 NOTE
r-devel-linux-x86_64-fedora-gcc 0.1.0 62.80 NOTE
r-devel-windows-x86_64 0.1.0 8.00 66.00 74.00 NOTE
r-patched-linux-x86_64 0.1.0 3.76 39.04 42.80 NOTE
r-release-linux-x86_64 0.1.0 4.81 39.09 43.90 NOTE
r-release-macos-arm64 0.1.0 23.00 NOTE
r-release-macos-x86_64 0.1.0 34.00 NOTE
r-release-windows-x86_64 0.1.0 15.00 68.00 83.00 NOTE
r-oldrel-macos-arm64 0.1.0 23.00 NOTE
r-oldrel-macos-x86_64 0.1.0 37.00 NOTE
r-oldrel-windows-ix86+x86_64 0.1.0 11.00 58.00 69.00 NOTE

Check Details

Version: 0.1.0
Check: LazyData
Result: NOTE
     'LazyData' is specified without a 'data' directory
Flavors: r-devel-linux-x86_64-debian-clang, r-devel-linux-x86_64-debian-gcc, r-devel-linux-x86_64-fedora-clang, r-devel-linux-x86_64-fedora-gcc, r-devel-windows-x86_64, r-patched-linux-x86_64, r-release-linux-x86_64, r-release-macos-arm64, r-release-macos-x86_64, r-release-windows-x86_64, r-oldrel-macos-arm64, r-oldrel-macos-x86_64, r-oldrel-windows-ix86+x86_64

Version: 0.1.0
Check: dependencies in R code
Result: NOTE
    Namespace in Imports field not imported from: ‘NlcOptim’
     All declared Imports should be used.
Flavors: r-devel-linux-x86_64-fedora-clang, r-devel-linux-x86_64-fedora-gcc, r-release-macos-arm64, r-release-macos-x86_64, r-oldrel-macos-arm64, r-oldrel-macos-x86_64