CRAN Package Check Results for Package motmot

Last updated on 2020-07-06 01:54:10 CEST.

Flavor Version Tinstall Tcheck Ttotal Status Flags
r-devel-linux-x86_64-debian-clang 2.1.3 21.71 249.15 270.86 OK
r-devel-linux-x86_64-debian-gcc 2.1.3 15.50 182.28 197.78 OK
r-devel-linux-x86_64-fedora-clang 2.1.3 313.08 OK
r-devel-linux-x86_64-fedora-gcc 2.1.3 311.59 OK
r-devel-windows-ix86+x86_64 2.1.3 44.00 291.00 335.00 OK
r-patched-linux-x86_64 2.1.3 20.32 233.98 254.30 OK
r-patched-solaris-x86 2.1.3 380.60 OK
r-release-linux-x86_64 2.1.3 19.06 237.49 256.55 OK
r-release-osx-x86_64 2.1.3 OK
r-release-windows-ix86+x86_64 2.1.3 34.00 268.00 302.00 OK
r-oldrel-osx-x86_64 2.1.3 OK
r-oldrel-windows-ix86+x86_64 2.1.3 45.00 376.00 421.00 NOTE

Check Details

Version: 2.1.3
Check: installed package size
Result: NOTE
     installed size is 5.4Mb
     sub-directories of 1Mb or more:
     doc 3.8Mb
     libs 1.1Mb
Flavor: r-oldrel-windows-ix86+x86_64