CRAN Package Check Results for Package move

Last updated on 2020-09-23 04:00:04 CEST.

Flavor Version Tinstall Tcheck Ttotal Status Flags
r-devel-linux-x86_64-debian-clang 4.0.4 32.30 324.80 357.10 OK
r-devel-linux-x86_64-debian-gcc 4.0.4 32.25 237.95 270.20 OK
r-devel-linux-x86_64-fedora-clang 4.0.4 432.75 OK
r-devel-linux-x86_64-fedora-gcc 4.0.4 435.03 OK
r-devel-windows-ix86+x86_64 4.0.4 63.00 628.00 691.00 NOTE
r-patched-linux-x86_64 4.0.4 35.57 315.22 350.79 OK
r-patched-solaris-x86 4.0.4 508.20 OK
r-release-linux-x86_64 4.0.4 32.64 317.55 350.19 OK
r-release-macos-x86_64 4.0.4 OK
r-release-windows-ix86+x86_64 4.0.4 61.00 632.00 693.00 NOTE
r-oldrel-macos-x86_64 4.0.4 OK
r-oldrel-windows-ix86+x86_64 4.0.4 50.00 587.00 637.00 OK

Check Details

Version: 4.0.4
Check: installed package size
Result: NOTE
     installed size is 5.5Mb
     sub-directories of 1Mb or more:
     R 1.1Mb
     libs 1.9Mb
Flavors: r-devel-windows-ix86+x86_64, r-release-windows-ix86+x86_64