CRAN Package Check Results for Package mpbart

Last updated on 2020-05-28 01:53:22 CEST.

Flavor Version Tinstall Tcheck Ttotal Status Flags
r-devel-linux-x86_64-debian-clang 0.2 15.38 48.92 64.30 OK
r-devel-linux-x86_64-debian-gcc 0.2 11.25 37.83 49.08 OK
r-devel-linux-x86_64-fedora-clang 0.2 90.33 NOTE
r-devel-linux-x86_64-fedora-gcc 0.2 77.43 NOTE
r-devel-windows-ix86+x86_64 0.2 40.00 84.00 124.00 OK
r-patched-linux-x86_64 0.2 12.41 47.84 60.25 OK
r-patched-solaris-x86 0.2 132.50 OK
r-release-linux-x86_64 0.2 10.33 37.81 48.14 OK
r-release-osx-x86_64 0.2 OK
r-release-windows-ix86+x86_64 0.2 32.00 103.00 135.00 OK
r-oldrel-osx-x86_64 0.2 OK
r-oldrel-windows-ix86+x86_64 0.2 28.00 76.00 104.00 OK

Check Details

Version: 0.2
Check: compiled code
Result: NOTE
    File ‘mpbart/libs/mpbart.so’:
     Found no calls to: ‘R_registerRoutines’, ‘R_useDynamicSymbols’
    
    It is good practice to register native routines and to disable symbol
    search.
    
    See ‘Writing portable packages’ in the ‘Writing R Extensions’ manual.
Flavors: r-devel-linux-x86_64-fedora-clang, r-devel-linux-x86_64-fedora-gcc