CRAN Package Check Results for Package mptools

Last updated on 2021-07-27 01:50:53 CEST.

Flavor Version Tinstall Tcheck Ttotal Status Flags
r-devel-linux-x86_64-debian-clang 1.0.1 27.68 519.17 546.85 NOTE
r-devel-linux-x86_64-debian-gcc 1.0.1 23.98 327.49 351.47 NOTE
r-devel-linux-x86_64-fedora-clang 1.0.1 476.08 NOTE
r-devel-linux-x86_64-fedora-gcc 1.0.1 434.55 NOTE
r-devel-windows-x86_64 1.0.1 43.00 360.00 403.00 NOTE
r-devel-windows-x86_64-gcc10-UCRT 1.0.1 NOTE
r-patched-linux-x86_64 1.0.1 24.20 424.58 448.78 NOTE
r-patched-solaris-x86 1.0.1 557.60 NOTE
r-release-linux-x86_64 1.0.1 21.28 435.46 456.74 NOTE
r-release-macos-arm64 1.0.1 WARN
r-release-macos-x86_64 1.0.1 NOTE
r-release-windows-ix86+x86_64 1.0.1 59.00 256.00 315.00 NOTE
r-oldrel-macos-x86_64 1.0.1 OK
r-oldrel-windows-ix86+x86_64 1.0.1 65.00 364.00 429.00 OK

Check Details

Version: 1.0.1
Check: LazyData
Result: NOTE
     'LazyData' is specified without a 'data' directory
Flavors: r-devel-linux-x86_64-debian-clang, r-devel-linux-x86_64-debian-gcc, r-devel-linux-x86_64-fedora-clang, r-devel-linux-x86_64-fedora-gcc, r-devel-windows-x86_64, r-devel-windows-x86_64-gcc10-UCRT, r-patched-linux-x86_64, r-patched-solaris-x86, r-release-linux-x86_64, r-release-macos-arm64, r-release-macos-x86_64, r-release-windows-ix86+x86_64

Version: 1.0.1
Check: re-building of vignette outputs
Result: WARN
    Error(s) in re-building vignettes:
     ...
    --- re-building ‘intro.Rmd’ using rmarkdown
    Warning in engine$weave(file, quiet = quiet, encoding = enc) :
     Pandoc (>= 1.12.3) not available. Falling back to R Markdown v1.
    Extracting simulation results from file:
    /Volumes/Builds/packages/big-sur-arm64/results/4.1/mptools.Rcheck/mptools/example.mp
    Extracting population metadata from file:
    /Volumes/Builds/packages/big-sur-arm64/results/4.1/mptools.Rcheck/mptools/example.mp
    Quitting from lines 136-140 (intro.Rmd)
    Error: processing vignette 'intro.Rmd' failed with diagnostics:
    polygon edge not found
    --- failed re-building ‘intro.Rmd’
    
    SUMMARY: processing the following file failed:
     ‘intro.Rmd’
    
    Error: Vignette re-building failed.
    Execution halted
Flavor: r-release-macos-arm64