CRAN Package Check Results for Package msgl

Last updated on 2020-02-20 00:54:18 CET.

Flavor Version Tinstall Tcheck Ttotal Status Flags
r-devel-linux-x86_64-debian-clang 2.3.9 37.23 100.18 137.41 OK
r-devel-linux-x86_64-debian-gcc 2.3.9 27.86 73.44 101.30 OK
r-devel-linux-x86_64-fedora-clang 2.3.9 173.86 OK
r-devel-linux-x86_64-fedora-gcc 2.3.9 161.88 OK
r-devel-windows-ix86+x86_64 2.3.9 61.00 180.00 241.00 OK
r-devel-windows-ix86+x86_64-gcc8 2.3.9 95.00 237.00 332.00 OK
r-patched-linux-x86_64 2.3.9 27.96 85.35 113.31 OK
r-patched-solaris-x86 2.3.9 275.10 OK
r-release-linux-x86_64 2.3.9 29.47 85.33 114.80 OK
r-release-windows-ix86+x86_64 2.3.9 66.00 167.00 233.00 OK
r-release-osx-x86_64 2.3.9 NOTE
r-oldrel-windows-ix86+x86_64 2.3.9 50.00 169.00 219.00 OK
r-oldrel-osx-x86_64 2.3.9 OK

Check Details

Version: 2.3.9
Check: installed package size
Result: NOTE
     installed size is 5.1Mb
     sub-directories of 1Mb or more:
     libs 4.1Mb
Flavor: r-release-osx-x86_64