CRAN Package Check Results for Package msgl

Last updated on 2020-09-19 00:50:10 CEST.

Flavor Version Tinstall Tcheck Ttotal Status Flags
r-devel-linux-x86_64-debian-clang 2.3.9 41.62 93.89 135.51 OK
r-devel-linux-x86_64-debian-gcc 2.3.9 31.80 73.28 105.08 OK
r-devel-linux-x86_64-fedora-clang 2.3.9 178.19 OK
r-devel-linux-x86_64-fedora-gcc 2.3.9 166.37 OK
r-devel-windows-ix86+x86_64 2.3.9 83.00 217.00 300.00 OK
r-patched-linux-x86_64 2.3.9 31.15 95.56 126.71 OK
r-patched-solaris-x86 2.3.9 284.10 OK
r-release-linux-x86_64 2.3.9 34.10 93.37 127.47 OK
r-release-macos-x86_64 2.3.9 NOTE
r-release-windows-ix86+x86_64 2.3.9 85.00 220.00 305.00 OK
r-oldrel-macos-x86_64 2.3.9 NOTE
r-oldrel-windows-ix86+x86_64 2.3.9 61.00 223.00 284.00 OK

Check Details

Version: 2.3.9
Check: installed package size
Result: NOTE
     installed size is 5.2Mb
     sub-directories of 1Mb or more:
     libs 4.2Mb
Flavors: r-release-macos-x86_64, r-oldrel-macos-x86_64