Last updated on 2023-06-05 07:52:59 CEST.
Flavor | Version | Tinstall | Tcheck | Ttotal | Status | Flags |
---|---|---|---|---|---|---|
r-devel-linux-x86_64-debian-clang | 7.5.1 | 35.32 | 241.13 | 276.45 | OK | |
r-devel-linux-x86_64-debian-gcc | 7.5.1 | 26.97 | 181.74 | 208.71 | OK | |
r-devel-linux-x86_64-fedora-clang | 7.5.1 | 345.52 | NOTE | |||
r-devel-linux-x86_64-fedora-gcc | 7.5.1 | 367.12 | OK | |||
r-devel-windows-x86_64 | 7.5.1 | 32.00 | 203.00 | 235.00 | NOTE | |
r-patched-linux-x86_64 | 7.5.1 | 33.08 | 228.42 | 261.50 | OK | |
r-release-linux-x86_64 | 7.5.1 | 34.56 | 226.75 | 261.31 | OK | |
r-release-macos-arm64 | 7.5.1 | 132.00 | NOTE | |||
r-release-macos-x86_64 | 7.5.1 | 208.00 | NOTE | |||
r-release-windows-x86_64 | 7.5.1 | 39.00 | 238.00 | 277.00 | NOTE | |
r-oldrel-macos-arm64 | 7.5.1 | 164.00 | NOTE | |||
r-oldrel-macos-x86_64 | 7.5.1 | 295.00 | NOTE | |||
r-oldrel-windows-x86_64 | 7.5.1 | 40.00 | 229.00 | 269.00 | NOTE |
Version: 7.5.1
Check: installed package size
Result: NOTE
installed size is 6.0Mb
sub-directories of 1Mb or more:
R 5.9Mb
Flavors: r-devel-linux-x86_64-fedora-clang, r-devel-windows-x86_64, r-release-macos-arm64, r-release-macos-x86_64, r-release-windows-x86_64, r-oldrel-macos-arm64, r-oldrel-macos-x86_64, r-oldrel-windows-x86_64