Last updated on 2021-04-19 02:46:54 CEST.
Flavor | Version | Tinstall | Tcheck | Ttotal | Status | Flags |
---|---|---|---|---|---|---|
r-devel-linux-x86_64-debian-clang | 1.0 | 12.25 | 80.23 | 92.48 | NOTE | |
r-devel-linux-x86_64-debian-gcc | 1.0 | 8.46 | 60.45 | 68.91 | NOTE | |
r-devel-linux-x86_64-fedora-clang | 1.0 | 123.03 | NOTE | |||
r-devel-linux-x86_64-fedora-gcc | 1.0 | 102.24 | NOTE | |||
r-devel-windows-ix86+x86_64 | 1.0 | 18.00 | 72.00 | 90.00 | OK | |
r-devel-windows-x86_64-gcc10-UCRT | 1.0 | OK | ||||
r-patched-linux-x86_64 | 1.0 | 11.05 | 73.66 | 84.71 | NOTE | |
r-patched-solaris-x86 | 1.0 | 158.30 | NOTE | |||
r-release-linux-x86_64 | 1.0 | 11.76 | 73.04 | 84.80 | NOTE | |
r-release-macos-x86_64 | 1.0 | OK | ||||
r-release-windows-ix86+x86_64 | 1.0 | 23.00 | 88.00 | 111.00 | OK | |
r-oldrel-macos-x86_64 | 1.0 | OK | ||||
r-oldrel-windows-ix86+x86_64 | 1.0 | 15.00 | 93.00 | 108.00 | OK |
Version: 1.0
Check: for non-standard things in the check directory
Result: NOTE
Found the following files/directories:
'Acceleration.pdf' 'File1.pdf' 'Forecast.pdf' 'Series.pdf'
'Velocity.pdf'
Flavors: r-devel-linux-x86_64-debian-clang, r-devel-linux-x86_64-debian-gcc, r-devel-linux-x86_64-fedora-clang, r-devel-linux-x86_64-fedora-gcc, r-patched-linux-x86_64, r-patched-solaris-x86, r-release-linux-x86_64