CRAN Package Check Results for Package msu

Last updated on 2022-08-19 02:53:34 CEST.

Flavor Version Tinstall Tcheck Ttotal Status Flags
r-devel-linux-x86_64-debian-clang 0.0.1 1.79 24.55 26.34 NOTE
r-devel-linux-x86_64-debian-gcc 0.0.1 1.60 19.16 20.76 NOTE
r-devel-linux-x86_64-fedora-clang 0.0.1 43.35 NOTE
r-devel-linux-x86_64-fedora-gcc 0.0.1 43.72 NOTE
r-devel-windows-x86_64 0.0.1 10.00 53.00 63.00 NOTE
r-patched-linux-x86_64 0.0.1 2.16 22.95 25.11 NOTE
r-release-linux-x86_64 0.0.1 NOTE
r-release-macos-arm64 0.0.1 15.00 NOTE
r-release-macos-x86_64 0.0.1 21.00 NOTE
r-release-windows-x86_64 0.0.1 13.00 50.00 63.00 NOTE
r-oldrel-macos-arm64 0.0.1 19.00 NOTE
r-oldrel-macos-x86_64 0.0.1 27.00 NOTE
r-oldrel-windows-ix86+x86_64 0.0.1 5.00 46.00 51.00 NOTE

Check Details

Version: 0.0.1
Check: LazyData
Result: NOTE
     'LazyData' is specified without a 'data' directory
Flavors: r-devel-linux-x86_64-debian-clang, r-devel-linux-x86_64-debian-gcc, r-devel-linux-x86_64-fedora-clang, r-devel-linux-x86_64-fedora-gcc, r-devel-windows-x86_64, r-patched-linux-x86_64, r-release-linux-x86_64, r-release-macos-arm64, r-release-macos-x86_64, r-release-windows-x86_64, r-oldrel-macos-arm64, r-oldrel-macos-x86_64, r-oldrel-windows-ix86+x86_64