CRAN Package Check Results for Package muir

Last updated on 2023-02-03 00:51:08 CET.

Flavor Version Tinstall Tcheck Ttotal Status Flags
r-devel-linux-x86_64-debian-clang 0.1.0 6.34 44.34 50.68 NOTE
r-devel-linux-x86_64-debian-gcc 0.1.0 4.43 33.79 38.22 NOTE
r-devel-linux-x86_64-fedora-clang 0.1.0 67.76 NOTE
r-devel-linux-x86_64-fedora-gcc 0.1.0 65.54 NOTE
r-patched-linux-x86_64 0.1.0 4.00 44.08 48.08 NOTE
r-release-linux-x86_64 0.1.0 4.77 44.64 49.41 NOTE
r-release-macos-arm64 0.1.0 23.00 NOTE
r-release-macos-x86_64 0.1.0 39.00 NOTE
r-release-windows-x86_64 0.1.0 11.00 79.00 90.00 NOTE
r-oldrel-macos-arm64 0.1.0 30.00 NOTE
r-oldrel-macos-x86_64 0.1.0 38.00 NOTE
r-oldrel-windows-ix86+x86_64 0.1.0 14.00 70.00 84.00 NOTE

Check Details

Version: 0.1.0
Check: LazyData
Result: NOTE
     'LazyData' is specified without a 'data' directory
Flavors: r-devel-linux-x86_64-debian-clang, r-devel-linux-x86_64-debian-gcc, r-devel-linux-x86_64-fedora-clang, r-devel-linux-x86_64-fedora-gcc, r-patched-linux-x86_64, r-release-linux-x86_64, r-release-macos-arm64, r-release-macos-x86_64, r-release-windows-x86_64, r-oldrel-macos-arm64, r-oldrel-macos-x86_64, r-oldrel-windows-ix86+x86_64