CRAN Package Check Results for Package multcompView

Last updated on 2024-03-04 07:48:34 CET.

Flavor Version Tinstall Tcheck Ttotal Status Flags
r-devel-linux-x86_64-debian-clang 0.1-9 2.85 43.30 46.15 NOTE
r-devel-linux-x86_64-debian-gcc 0.1-9 2.54 32.94 35.48 NOTE
r-devel-linux-x86_64-fedora-clang 0.1-9 57.28 NOTE
r-devel-linux-x86_64-fedora-gcc 0.1-9 57.39 NOTE
r-devel-windows-x86_64 0.1-9 5.00 63.00 68.00 NOTE
r-patched-linux-x86_64 0.1-9 3.22 44.02 47.24 OK
r-release-linux-x86_64 0.1-9 2.26 42.99 45.25 OK
r-release-macos-arm64 0.1-9 23.00 OK
r-release-macos-x86_64 0.1-9 39.00 OK
r-release-windows-x86_64 0.1-9 5.00 67.00 72.00 OK
r-oldrel-macos-arm64 0.1-9 22.00 OK
r-oldrel-windows-x86_64 0.1-9 4.00 61.00 65.00 OK

Check Details

Version: 0.1-9
Check: Rd \usage sections
Result: NOTE Documented arguments not in \usage in Rd file 'plotBoxes.Rd': ‘lwd’ ‘T.base’ ‘font.family’ ‘fig’ ‘mar’ Documented arguments not in \usage in Rd file 'plotLetters.Rd': ‘width’ ‘lwd’ ‘label.groups’ ‘T.base’ ‘orientation’ Documented arguments not in \usage in Rd file 'plotTs.Rd': ‘font.family’ ‘fig’ ‘mar’ Functions with \usage entries need to have the appropriate \alias entries, and all their arguments documented. The \usage entries must correspond to syntactically valid R code. See chapter ‘Writing R documentation files’ in the ‘Writing R Extensions’ manual. Flavors: r-devel-linux-x86_64-debian-clang, r-devel-linux-x86_64-debian-gcc, r-devel-linux-x86_64-fedora-clang, r-devel-linux-x86_64-fedora-gcc, r-devel-windows-x86_64