Last updated on 2023-01-30 01:53:38 CET.
Flavor | Version | Tinstall | Tcheck | Ttotal | Status | Flags |
---|---|---|---|---|---|---|
r-devel-linux-x86_64-debian-clang | 0.4.3 | 22.33 | 227.67 | 250.00 | OK | |
r-devel-linux-x86_64-debian-gcc | 0.4.3 | 16.15 | 169.55 | 185.70 | OK | |
r-devel-linux-x86_64-fedora-clang | 0.4.3 | 301.68 | OK | |||
r-devel-linux-x86_64-fedora-gcc | 0.4.3 | 304.85 | OK | |||
r-devel-windows-x86_64 | 0.4.3 | 50.00 | 261.00 | 311.00 | OK | |
r-patched-linux-x86_64 | 0.4.3 | 14.86 | 217.83 | 232.69 | OK | |
r-release-linux-x86_64 | 0.4.3 | 13.79 | 199.49 | 213.28 | OK | |
r-release-macos-arm64 | 0.4.3 | 98.00 | OK | |||
r-release-macos-x86_64 | 0.4.3 | 179.00 | OK | |||
r-release-windows-x86_64 | 0.4.3 | 75.00 | 282.00 | 357.00 | OK | |
r-oldrel-macos-arm64 | 0.4.3 | 112.00 | OK | |||
r-oldrel-macos-x86_64 | 0.4.3 | 430.00 | NOTE | |||
r-oldrel-windows-ix86+x86_64 | 0.4.3 | 44.00 | 252.00 | 296.00 | WARN |
Version: 0.4.3
Check: package dependencies
Result: NOTE
Packages suggested but not available for checking:
'switchBox', 'leukemiasEset'
Flavor: r-oldrel-macos-x86_64
Version: 0.4.3
Check: package dependencies
Result: NOTE
Package suggested but not available for checking: 'leukemiasEset'
Flavor: r-oldrel-windows-ix86+x86_64
Version: 0.4.3
Check: re-building of vignette outputs
Result: WARN
Error(s) in re-building vignettes:
--- re-building 'Tutorial.Rmd' using rmarkdown
Quitting from lines 131-144 (Tutorial.Rmd)
Error: processing vignette 'Tutorial.Rmd' failed with diagnostics:
there is no package called 'leukemiasEset'
--- failed re-building 'Tutorial.Rmd'
SUMMARY: processing the following file failed:
'Tutorial.Rmd'
Error: Vignette re-building failed.
Execution halted
Flavor: r-oldrel-windows-ix86+x86_64