CRAN Package Check Results for Package multicool

Last updated on 2023-09-25 08:02:33 CEST.

Flavor Version Tinstall Tcheck Ttotal Status Flags
r-devel-linux-x86_64-debian-clang 0.1-12 30.59 33.81 64.40 NOTE
r-devel-linux-x86_64-debian-gcc 0.1-12 19.58 26.05 45.63 NOTE
r-devel-linux-x86_64-fedora-clang 0.1-12 91.74 NOTE
r-devel-linux-x86_64-fedora-gcc 0.1-12 87.47 NOTE
r-devel-windows-x86_64 0.1-12 26.00 66.00 92.00 NOTE
r-patched-linux-x86_64 0.1-12 28.55 32.43 60.98 NOTE
r-release-linux-x86_64 0.1-12 30.73 32.13 62.86 NOTE
r-release-macos-arm64 0.1-12 28.00 NOTE
r-release-macos-x86_64 0.1-12 45.00 NOTE
r-release-windows-x86_64 0.1-12 28.00 74.00 102.00 NOTE
r-oldrel-macos-arm64 0.1-12 26.00 OK
r-oldrel-macos-x86_64 0.1-12 39.00 OK
r-oldrel-windows-x86_64 0.1-12 32.00 71.00 103.00 OK

Check Details

Version: 0.1-12
Check: C++ specification
Result: NOTE
     Specified C++11: please drop specification unless essential
Flavors: r-devel-linux-x86_64-debian-clang, r-devel-linux-x86_64-debian-gcc, r-devel-linux-x86_64-fedora-clang, r-devel-linux-x86_64-fedora-gcc, r-devel-windows-x86_64, r-patched-linux-x86_64, r-release-linux-x86_64, r-release-macos-arm64, r-release-macos-x86_64, r-release-windows-x86_64