CRAN Package Check Results for Package multifear

Last updated on 2022-12-09 01:50:34 CET.

Flavor Version Tinstall Tcheck Ttotal Status Flags
r-devel-linux-x86_64-debian-clang 0.1.2 8.11 151.09 159.20 OK
r-devel-linux-x86_64-debian-gcc 0.1.2 6.49 148.56 155.05 OK
r-devel-linux-x86_64-fedora-clang 0.1.2 263.93 NOTE
r-devel-linux-x86_64-fedora-gcc 0.1.2 257.85 NOTE
r-devel-windows-x86_64 0.1.2 32.00 260.00 292.00 OK
r-patched-linux-x86_64 0.1.2 7.46 179.58 187.04 OK
r-release-linux-x86_64 0.1.2 7.52 180.95 188.47 OK
r-release-macos-arm64 0.1.2 61.00 NOTE
r-release-macos-x86_64 0.1.2 104.00 NOTE
r-release-windows-x86_64 0.1.2 33.00 219.00 252.00 OK
r-oldrel-macos-arm64 0.1.2 72.00 NOTE
r-oldrel-macos-x86_64 0.1.2 75.00 NOTE
r-oldrel-windows-ix86+x86_64 0.1.2 18.00 214.00 232.00 OK

Check Details

Version: 0.1.2
Check: dependencies in R code
Result: NOTE
    Namespace in Imports field not imported from: ‘ez’
     All declared Imports should be used.
Flavors: r-devel-linux-x86_64-fedora-clang, r-devel-linux-x86_64-fedora-gcc, r-release-macos-arm64, r-release-macos-x86_64, r-oldrel-macos-arm64, r-oldrel-macos-x86_64