CRAN Package Check Results for Package multimode

Last updated on 2021-09-23 01:49:47 CEST.

Flavor Version Tinstall Tcheck Ttotal Status Flags
r-devel-linux-x86_64-debian-clang 1.5 13.38 92.17 105.55 OK
r-devel-linux-x86_64-debian-gcc 1.5 10.58 71.44 82.02 OK
r-devel-linux-x86_64-fedora-clang 1.5 134.21 OK
r-devel-linux-x86_64-fedora-gcc 1.5 124.71 OK
r-devel-windows-x86_64 1.5 14.00 85.00 99.00 OK
r-devel-windows-x86_64-gcc10-UCRT 1.5 ERROR
r-patched-linux-x86_64 1.5 13.48 89.26 102.74 OK
r-patched-solaris-x86 1.5 190.40 OK
r-release-linux-x86_64 1.5 10.15 88.95 99.10 OK
r-release-macos-arm64 1.5 OK
r-release-macos-x86_64 1.5 OK
r-release-windows-ix86+x86_64 1.5 29.00 126.00 155.00 OK
r-oldrel-macos-x86_64 1.5 OK
r-oldrel-windows-ix86+x86_64 1.5 22.00 130.00 152.00 OK

Check Details

Version: 1.5
Check: whether package can be installed
Result: ERROR
    Installation failed.
Flavor: r-devel-windows-x86_64-gcc10-UCRT