CRAN Package Check Results for Package multiverse

Last updated on 2021-11-30 00:51:35 CET.

Flavor Version Tinstall Tcheck Ttotal Status Flags
r-devel-linux-x86_64-debian-clang 0.5.0 6.69 228.46 235.15 OK
r-devel-linux-x86_64-debian-gcc 0.5.0 5.10 167.00 172.10 OK
r-devel-linux-x86_64-fedora-clang 0.5.0 283.73 OK
r-devel-linux-x86_64-fedora-gcc 0.5.0 275.35 OK
r-devel-windows-x86_64-new-UL 0.5.0 19.00 319.00 338.00 OK
r-devel-windows-x86_64-new-TK 0.5.0 OK
r-devel-windows-x86_64-old 0.5.0 12.00 220.00 232.00 OK
r-patched-linux-x86_64 0.5.0 6.36 228.32 234.68 OK
r-patched-solaris-x86 0.5.0 135.50 NOTE
r-release-linux-x86_64 0.5.0 5.02 228.61 233.63 OK
r-release-macos-arm64 0.5.0 OK
r-release-macos-x86_64 0.5.0 OK
r-release-windows-ix86+x86_64 0.5.0 16.00 214.00 230.00 OK
r-oldrel-macos-x86_64 0.5.0 OK
r-oldrel-windows-ix86+x86_64 0.5.0 13.00 216.00 229.00 OK

Additional issues

noSuggests

Check Details

Version: 0.5.0
Check: package dependencies
Result: NOTE
    Package suggested but not available for checking: ‘gifski’
Flavor: r-patched-solaris-x86