CRAN Package Check Results for Package multiwayvcov

Last updated on 2020-08-14 01:49:11 CEST.

Flavor Version Tinstall Tcheck Ttotal Status Flags
r-devel-linux-x86_64-debian-clang 1.2.3 2.74 24.74 27.48 OK
r-devel-linux-x86_64-debian-gcc 1.2.3 2.22 19.82 22.04 OK
r-devel-linux-x86_64-fedora-clang 1.2.3 41.19 NOTE
r-devel-linux-x86_64-fedora-gcc 1.2.3 32.29 OK
r-devel-windows-ix86+x86_64 1.2.3 8.00 51.00 59.00 OK
r-patched-linux-x86_64 1.2.3 2.54 24.45 26.99 OK
r-patched-solaris-x86 1.2.3 49.60 OK
r-release-linux-x86_64 1.2.3 2.84 24.66 27.50 OK
r-release-macos-x86_64 1.2.3 OK
r-release-windows-ix86+x86_64 1.2.3 6.00 33.00 39.00 OK
r-oldrel-macos-x86_64 1.2.3 OK
r-oldrel-windows-ix86+x86_64 1.2.3 5.00 33.00 38.00 OK

Check Details

Version: 1.2.3
Check: Rd cross-references
Result: NOTE
    Undeclared package ‘lfe’ in Rd xrefs
Flavor: r-devel-linux-x86_64-fedora-clang