CRAN Package Check Results for Package mumm

Last updated on 2020-07-06 01:54:10 CEST.

Flavor Version Tinstall Tcheck Ttotal Status Flags
r-devel-linux-x86_64-debian-clang 0.2.1 109.13 68.91 178.04 OK
r-devel-linux-x86_64-debian-gcc 0.2.1 94.52 55.22 149.74 OK
r-devel-linux-x86_64-fedora-clang 0.2.1 253.53 NOTE
r-devel-linux-x86_64-fedora-gcc 0.2.1 238.48 OK
r-devel-windows-ix86+x86_64 0.2.1 202.00 118.00 320.00 NOTE
r-patched-linux-x86_64 0.2.1 97.15 69.77 166.92 OK
r-patched-solaris-x86 0.2.1 217.60 OK
r-release-linux-x86_64 0.2.1 98.35 69.23 167.58 OK
r-release-osx-x86_64 0.2.1 NOTE
r-release-windows-ix86+x86_64 0.2.1 160.00 109.00 269.00 NOTE
r-oldrel-osx-x86_64 0.2.1 NOTE
r-oldrel-windows-ix86+x86_64 0.2.1 177.00 147.00 324.00 NOTE

Check Details

Version: 0.2.1
Check: installed package size
Result: NOTE
     installed size is 29.0Mb
     sub-directories of 1Mb or more:
     libs 28.9Mb
Flavors: r-devel-linux-x86_64-fedora-clang, r-devel-windows-ix86+x86_64, r-release-osx-x86_64, r-release-windows-ix86+x86_64, r-oldrel-osx-x86_64, r-oldrel-windows-ix86+x86_64