Last updated on 2023-11-30 08:50:01 CET.
Flavor | Version | Tinstall | Tcheck | Ttotal | Status | Flags |
---|---|---|---|---|---|---|
r-devel-linux-x86_64-debian-clang | 0.1.4 | 1.81 | 32.76 | 34.57 | OK | |
r-devel-linux-x86_64-debian-gcc | 0.1.4 | 1.86 | 25.08 | 26.94 | OK | |
r-devel-linux-x86_64-fedora-clang | 0.1.4 | 46.84 | OK | |||
r-devel-linux-x86_64-fedora-gcc | 0.1.4 | 55.81 | OK | |||
r-devel-windows-x86_64 | 0.1.4 | 3.00 | 64.00 | 67.00 | OK | |
r-patched-linux-x86_64 | 0.1.4 | 2.12 | 31.90 | 34.02 | OK | |
r-release-linux-x86_64 | 0.1.4 | 2.08 | 31.97 | 34.05 | OK | |
r-release-macos-arm64 | 0.1.4 | 43.00 | OK | |||
r-release-macos-x86_64 | 0.1.4 | 52.00 | OK | |||
r-release-windows-x86_64 | 0.1.4 | 4.00 | 69.00 | 73.00 | OK | |
r-oldrel-macos-arm64 | 0.1.4 | 35.00 | OK | |||
r-oldrel-macos-x86_64 | 0.1.4 | 44.00 | ERROR | |||
r-oldrel-windows-x86_64 | 0.1.4 | 4.00 | 67.00 | 71.00 | OK |
Version: 0.1.4
Check: tests
Result: ERROR
Running ‘spelling.R’ [0s/0s]
Running ‘testthat.R’ [1s/4s]
Running the tests in ‘tests/testthat.R’ failed.
Last 13 lines of output:
Backtrace:
▆
1. ├─testthat::expect_null(...) at test-unstash.R:2:2
2. │ └─testthat::quasi_label(enquo(object), label, arg = "object")
3. │ └─rlang::eval_bare(expr, quo_get_env(quo))
4. └─mustashe::stash(...)
5. └─mustashe:::check_stash_dir()
6. └─base::tryCatch(...)
7. └─base tryCatchList(expr, classes, parentenv, handlers)
8. └─base tryCatchOne(expr, names, parentenv, handlers[[1L]])
9. └─value[[3L]](cond)
[ FAIL 1 | WARN 1 | SKIP 0 | PASS 60 ]
Error: Test failures
Execution halted
Flavor: r-oldrel-macos-x86_64