Last updated on 2023-03-23 06:52:27 CET.
Flavor | Version | Tinstall | Tcheck | Ttotal | Status | Flags |
---|---|---|---|---|---|---|
r-devel-linux-x86_64-debian-clang | 1.2.2 | 12.72 | 147.96 | 160.68 | NOTE | |
r-devel-linux-x86_64-debian-gcc | 1.2.2 | 7.65 | 111.04 | 118.69 | NOTE | |
r-devel-linux-x86_64-fedora-clang | 1.2.2 | 210.74 | NOTE | |||
r-devel-linux-x86_64-fedora-gcc | 1.2.2 | 211.89 | NOTE | |||
r-patched-linux-x86_64 | 1.2.2 | 12.21 | 137.47 | 149.68 | OK | |
r-release-linux-x86_64 | 1.2.2 | 11.49 | 138.73 | 150.22 | OK | |
r-release-macos-arm64 | 1.2.2 | 65.00 | NOTE | |||
r-release-macos-x86_64 | 1.2.2 | 118.00 | NOTE | |||
r-release-windows-x86_64 | 1.2.2 | 23.00 | 211.00 | 234.00 | OK | |
r-oldrel-macos-arm64 | 1.2.2 | 48.00 | NOTE | |||
r-oldrel-macos-x86_64 | 1.2.2 | 79.00 | NOTE | |||
r-oldrel-windows-ix86+x86_64 | 1.2.2 | 28.00 | 175.00 | 203.00 | OK |
Version: 1.2.2
Check: Rd files
Result: NOTE
checkRd: (-1) bal.Rd:156: Escaped LaTeX specials: \&
Flavors: r-devel-linux-x86_64-debian-clang, r-devel-linux-x86_64-debian-gcc, r-devel-linux-x86_64-fedora-clang, r-devel-linux-x86_64-fedora-gcc
Version: 1.2.2
Check: dependencies in R code
Result: NOTE
Namespace in Imports field not imported from: ‘Rdpack’
All declared Imports should be used.
Flavors: r-devel-linux-x86_64-fedora-clang, r-devel-linux-x86_64-fedora-gcc, r-release-macos-arm64, r-release-macos-x86_64, r-oldrel-macos-arm64, r-oldrel-macos-x86_64