CRAN Package Check Results for Package mvPot

Last updated on 2021-06-24 01:50:28 CEST.

Flavor Version Tinstall Tcheck Ttotal Status Flags
r-devel-linux-x86_64-debian-clang 0.1.5 4.83 35.72 40.55 OK
r-devel-linux-x86_64-debian-gcc 0.1.5 4.07 27.48 31.55 OK
r-devel-linux-x86_64-fedora-clang 0.1.5 60.30 NOTE
r-devel-linux-x86_64-fedora-gcc 0.1.5 49.38 OK
r-devel-windows-x86_64 0.1.5 8.00 52.00 60.00 OK
r-devel-windows-x86_64-gcc10-UCRT 0.1.5 OK
r-patched-linux-x86_64 0.1.5 5.22 34.56 39.78 OK
r-patched-solaris-x86 0.1.5 74.80 OK
r-release-linux-x86_64 0.1.5 5.08 35.02 40.10 OK
r-release-macos-arm64 0.1.5 OK
r-release-macos-x86_64 0.1.5 OK
r-release-windows-ix86+x86_64 0.1.5 12.00 78.00 90.00 OK
r-oldrel-macos-x86_64 0.1.5 OK

Check Details

Version: 0.1.5
Check: Rd cross-references
Result: NOTE
    Undeclared package ‘mev’ in Rd xrefs
Flavor: r-devel-linux-x86_64-fedora-clang