CRAN Package Check Results for Package mvProbit

Last updated on 2023-02-02 00:54:52 CET.

Flavor Version Tinstall Tcheck Ttotal Status Flags
r-devel-linux-x86_64-debian-clang 0.1-10 5.07 214.83 219.90 OK
r-devel-linux-x86_64-debian-gcc 0.1-10 3.62 156.38 160.00 OK
r-devel-linux-x86_64-fedora-clang 0.1-10 260.44 NOTE
r-devel-linux-x86_64-fedora-gcc 0.1-10 250.40 OK
r-devel-windows-x86_64 0.1-10 9.00 275.00 284.00 OK
r-patched-linux-x86_64 0.1-10 5.21 203.06 208.27 OK
r-release-linux-x86_64 0.1-10 3.76 207.10 210.86 OK
r-release-macos-arm64 0.1-10 69.00 OK
r-release-macos-x86_64 0.1-10 94.00 OK
r-release-windows-x86_64 0.1-10 14.00 277.00 291.00 OK
r-oldrel-macos-arm64 0.1-10 89.00 OK
r-oldrel-macos-x86_64 0.1-10 140.00 OK
r-oldrel-windows-ix86+x86_64 0.1-10 10.00 302.00 312.00 OK

Check Details

Version: 0.1-10
Check: Rd cross-references
Result: NOTE
    Undeclared package ‘sampleSelection’ in Rd xrefs
Flavor: r-devel-linux-x86_64-fedora-clang