CRAN Package Check Results for Package mvcluster

Last updated on 2020-08-09 01:48:34 CEST.

Flavor Version Tinstall Tcheck Ttotal Status Flags
r-devel-linux-x86_64-debian-clang 1.0 105.27 31.45 136.72 NOTE
r-devel-linux-x86_64-debian-gcc 1.0 76.20 23.60 99.80 NOTE
r-devel-linux-x86_64-fedora-clang 1.0 199.83 NOTE
r-devel-linux-x86_64-fedora-gcc 1.0 177.69 NOTE
r-devel-windows-ix86+x86_64 1.0 279.00 86.00 365.00 NOTE
r-patched-linux-x86_64 1.0 83.94 29.39 113.33 NOTE
r-patched-solaris-x86 1.0 168.50 NOTE
r-release-linux-x86_64 1.0 77.03 31.24 108.27 NOTE
r-release-macos-x86_64 1.0 NOTE
r-release-windows-ix86+x86_64 1.0 271.00 72.00 343.00 NOTE
r-oldrel-macos-x86_64 1.0 NOTE
r-oldrel-windows-ix86+x86_64 1.0 174.00 85.00 259.00 NOTE

Check Details

Version: 1.0
Check: DESCRIPTION meta-information
Result: NOTE
    Checking should be performed on sources prepared by 'R CMD build'.
Flavors: r-devel-linux-x86_64-debian-clang, r-devel-linux-x86_64-debian-gcc, r-devel-linux-x86_64-fedora-clang, r-devel-linux-x86_64-fedora-gcc, r-devel-windows-ix86+x86_64, r-patched-linux-x86_64, r-patched-solaris-x86, r-release-linux-x86_64, r-release-macos-x86_64, r-release-windows-ix86+x86_64, r-oldrel-macos-x86_64, r-oldrel-windows-ix86+x86_64

Version: 1.0
Check: compiled code
Result: NOTE
    File ‘mvcluster/libs/mvcluster.so’:
     Found no calls to: ‘R_registerRoutines’, ‘R_useDynamicSymbols’
    
    It is good practice to register native routines and to disable symbol
    search.
    
    See ‘Writing portable packages’ in the ‘Writing R Extensions’ manual.
Flavors: r-devel-linux-x86_64-fedora-clang, r-devel-linux-x86_64-fedora-gcc