CRAN Package Check Results for Package mxnorm

Last updated on 2022-09-26 01:52:52 CEST.

Flavor Version Tinstall Tcheck Ttotal Status Flags
r-devel-linux-x86_64-debian-clang 1.0.2 15.50 206.71 222.21 OK
r-devel-linux-x86_64-debian-gcc 1.0.2 11.57 150.19 161.76 OK
r-devel-linux-x86_64-fedora-clang 1.0.2 281.35 NOTE
r-devel-linux-x86_64-fedora-gcc 1.0.2 279.75 NOTE
r-devel-windows-x86_64 1.0.2 33.00 245.00 278.00 OK
r-patched-linux-x86_64 1.0.2 11.36 192.96 204.32 OK
r-release-linux-x86_64 1.0.2 11.13 191.45 202.58 OK
r-release-macos-arm64 1.0.2 81.00 NOTE
r-release-macos-x86_64 1.0.2 106.00 NOTE
r-release-windows-x86_64 1.0.2 20.00 233.00 253.00 OK
r-oldrel-macos-arm64 1.0.2 74.00 NOTE
r-oldrel-macos-x86_64 1.0.2 103.00 NOTE
r-oldrel-windows-ix86+x86_64 1.0.2 33.00 235.00 268.00 OK

Check Details

Version: 1.0.2
Check: dependencies in R code
Result: NOTE
    Namespaces in Imports field not imported from:
     ‘e1071’ ‘glue’
     All declared Imports should be used.
Flavors: r-devel-linux-x86_64-fedora-clang, r-devel-linux-x86_64-fedora-gcc, r-release-macos-arm64, r-release-macos-x86_64, r-oldrel-macos-arm64, r-oldrel-macos-x86_64