CRAN Package Check Results for Package myTAI

Last updated on 2020-06-01 01:51:03 CEST.

Flavor Version Tinstall Tcheck Ttotal Status Flags
r-devel-linux-x86_64-debian-clang 0.9.2 30.78 231.19 261.97 OK
r-devel-linux-x86_64-debian-gcc 0.9.2 22.39 184.61 207.00 OK
r-devel-linux-x86_64-fedora-clang 0.9.2 326.09 NOTE
r-devel-linux-x86_64-fedora-gcc 0.9.2 331.68 OK
r-devel-windows-ix86+x86_64 0.9.2 85.00 507.00 592.00 NOTE
r-patched-linux-x86_64 0.9.2 26.60 229.82 256.42 OK
r-patched-solaris-x86 0.9.2 499.80 NOTE
r-release-linux-x86_64 0.9.2 27.96 235.14 263.10 OK
r-release-osx-x86_64 0.9.2 NOTE
r-release-windows-ix86+x86_64 0.9.2 67.00 541.00 608.00 NOTE
r-oldrel-osx-x86_64 0.9.2 NOTE
r-oldrel-windows-ix86+x86_64 0.9.2 57.00 446.00 503.00 NOTE

Check Details

Version: 0.9.2
Check: installed package size
Result: NOTE
     installed size is 5.9Mb
     sub-directories of 1Mb or more:
     data 2.0Mb
     doc 2.5Mb
Flavors: r-devel-linux-x86_64-fedora-clang, r-devel-windows-ix86+x86_64, r-patched-solaris-x86, r-release-osx-x86_64, r-release-windows-ix86+x86_64, r-oldrel-osx-x86_64, r-oldrel-windows-ix86+x86_64