CRAN Package Check Results for Package mztwinreg

Last updated on 2021-12-06 00:48:35 CET.

Flavor Version Tinstall Tcheck Ttotal Status Flags
r-devel-linux-x86_64-debian-clang 1.0-1 19.05 160.67 179.72 NOTE
r-devel-linux-x86_64-debian-gcc 1.0-1 15.42 121.00 136.42 NOTE
r-devel-linux-x86_64-fedora-clang 1.0-1 219.42 NOTE
r-devel-linux-x86_64-fedora-gcc 1.0-1 201.39 NOTE
r-devel-windows-x86_64-new-UL 1.0-1 30.00 195.00 225.00 NOTE
r-devel-windows-x86_64-new-TK 1.0-1 NOTE
r-devel-windows-x86_64-old 1.0-1 40.00 130.00 170.00 NOTE
r-patched-linux-x86_64 1.0-1 23.50 143.97 167.47 NOTE
r-release-linux-x86_64 1.0-1 16.96 152.96 169.92 NOTE
r-release-macos-arm64 1.0-1 NOTE
r-release-macos-x86_64 1.0-1 NOTE
r-release-windows-ix86+x86_64 1.0-1 43.00 178.00 221.00 NOTE
r-oldrel-macos-x86_64 1.0-1 NOTE
r-oldrel-windows-ix86+x86_64 1.0-1 45.00 177.00 222.00 NOTE

Check Details

Version: 1.0-1
Check: R code for possible problems
Result: NOTE
    abs_dif: no visible global function definition for 'as.formula'
    env_dif: no visible global function definition for 'lm'
    env_dif: no visible global function definition for 'as.formula'
    env_dif_logistic: no visible global function definition for
     'as.formula'
    fam_env: no visible global function definition for 'as.formula'
    log_dif: no visible global function definition for 'as.formula'
    Undefined global functions or variables:
     as.formula lm
    Consider adding
     importFrom("stats", "as.formula", "lm")
    to your NAMESPACE file.
Flavors: r-devel-linux-x86_64-debian-clang, r-devel-linux-x86_64-debian-gcc, r-devel-linux-x86_64-fedora-clang, r-devel-linux-x86_64-fedora-gcc, r-devel-windows-x86_64-new-UL, r-devel-windows-x86_64-new-TK, r-devel-windows-x86_64-old, r-patched-linux-x86_64, r-release-linux-x86_64, r-release-macos-arm64, r-release-macos-x86_64, r-release-windows-ix86+x86_64, r-oldrel-macos-x86_64, r-oldrel-windows-ix86+x86_64