CRAN Package Check Results for Package nCov2019

Last updated on 2022-06-30 01:49:14 CEST.

Flavor Version Tinstall Tcheck Ttotal Status Flags
r-devel-linux-x86_64-debian-clang 0.4.5 5.24 101.87 107.11 OK
r-devel-linux-x86_64-debian-gcc 0.4.5 4.66 79.40 84.06 OK
r-devel-linux-x86_64-fedora-clang 0.4.5 135.41 NOTE
r-devel-linux-x86_64-fedora-gcc 0.4.5 134.87 OK
r-devel-windows-x86_64 0.4.5 27.00 150.00 177.00 NOTE
r-patched-linux-x86_64 0.4.5 5.04 99.78 104.82 OK
r-release-linux-x86_64 0.4.5 6.28 97.73 104.01 OK
r-release-macos-arm64 0.4.5 63.00 NOTE
r-release-macos-x86_64 0.4.5 113.00 NOTE
r-release-windows-x86_64 0.4.5 23.00 151.00 174.00 NOTE
r-oldrel-macos-arm64 0.4.5 85.00 NOTE
r-oldrel-macos-x86_64 0.4.5 69.00 NOTE
r-oldrel-windows-ix86+x86_64 0.4.5 17.00 141.00 158.00 NOTE

Check Details

Version: 0.4.5
Check: installed package size
Result: NOTE
     installed size is 6.4Mb
     sub-directories of 1Mb or more:
     doc 5.4Mb
Flavors: r-devel-linux-x86_64-fedora-clang, r-devel-windows-x86_64, r-release-macos-arm64, r-release-macos-x86_64, r-release-windows-x86_64, r-oldrel-macos-arm64, r-oldrel-macos-x86_64, r-oldrel-windows-ix86+x86_64