CRAN Package Check Results for Package namedCapture

Last updated on 2020-04-05 02:50:37 CEST.

Flavor Version Tinstall Tcheck Ttotal Status Flags
r-devel-linux-x86_64-debian-clang 2020.4.1 1.92 29.88 31.80 NOTE
r-devel-linux-x86_64-debian-gcc 2020.4.1 1.71 23.95 25.66 NOTE
r-devel-linux-x86_64-fedora-clang 2020.4.1 43.09 NOTE
r-devel-linux-x86_64-fedora-gcc 2020.4.1 41.23 NOTE
r-devel-windows-ix86+x86_64 2020.4.1 9.00 65.00 74.00 OK
r-devel-windows-ix86+x86_64-gcc8 2020.3.2 7.00 46.00 53.00 OK
r-patched-linux-x86_64 2020.4.1 2.13 30.03 32.16 NOTE
r-patched-solaris-x86 2020.4.1 65.30 NOTE
r-release-linux-x86_64 2020.4.1 1.52 27.77 29.29 NOTE
r-release-windows-ix86+x86_64 2020.4.1 6.00 50.00 56.00 OK
r-release-osx-x86_64 2020.4.1 OK
r-oldrel-windows-ix86+x86_64 2020.3.2 5.00 44.00 49.00 OK
r-oldrel-osx-x86_64 2020.3.2 OK

Check Details

Version: 2020.4.1
Check: package dependencies
Result: NOTE
    Package suggested but not available for checking: 're2r'
Flavors: r-devel-linux-x86_64-debian-clang, r-devel-linux-x86_64-debian-gcc, r-devel-linux-x86_64-fedora-clang, r-devel-linux-x86_64-fedora-gcc, r-patched-linux-x86_64, r-patched-solaris-x86, r-release-linux-x86_64