CRAN Package Check Results for Package namedCapture

Last updated on 2020-07-11 02:09:28 CEST.

Flavor Version Tinstall Tcheck Ttotal Status Flags
r-devel-linux-x86_64-debian-clang 2020.4.1 2.14 30.62 32.76 NOTE
r-devel-linux-x86_64-debian-gcc 2020.4.1 1.83 24.22 26.05 NOTE
r-devel-linux-x86_64-fedora-clang 2020.4.1 49.19 NOTE
r-devel-linux-x86_64-fedora-gcc 2020.4.1 38.55 NOTE
r-devel-windows-ix86+x86_64 2020.4.1 9.00 79.00 88.00 OK
r-patched-linux-x86_64 2020.4.1 2.05 30.43 32.48 NOTE
r-patched-solaris-x86 2020.4.1 60.20 NOTE
r-release-linux-x86_64 2020.4.1 2.21 30.21 32.42 NOTE
r-release-osx-x86_64 2020.4.1 NOTE
r-release-windows-ix86+x86_64 2020.4.1 7.00 44.00 51.00 OK
r-oldrel-osx-x86_64 2020.4.1 OK
r-oldrel-windows-ix86+x86_64 2020.4.1 7.00 48.00 55.00 OK

Check Details

Version: 2020.4.1
Check: package dependencies
Result: NOTE
    Package suggested but not available for checking: 're2r'
Flavors: r-devel-linux-x86_64-debian-clang, r-devel-linux-x86_64-debian-gcc, r-devel-linux-x86_64-fedora-clang, r-devel-linux-x86_64-fedora-gcc, r-patched-linux-x86_64, r-patched-solaris-x86, r-release-linux-x86_64, r-release-osx-x86_64