Last updated on 2023-12-03 08:50:15 CET.
Flavor | Version | Tinstall | Tcheck | Ttotal | Status | Flags |
---|---|---|---|---|---|---|
r-devel-linux-x86_64-debian-clang | 0.1.3 | 1247.03 | 49.56 | 1296.59 | OK | |
r-devel-linux-x86_64-debian-gcc | 0.1.3 | 784.62 | 38.75 | 823.37 | OK | |
r-devel-linux-x86_64-fedora-clang | 0.1.3 | 2032.05 | NOTE | |||
r-devel-linux-x86_64-fedora-gcc | 0.1.3 | 1886.71 | NOTE | |||
r-devel-windows-x86_64 | 0.1.3 | 800.00 | 92.00 | 892.00 | NOTE | |
r-patched-linux-x86_64 | 0.1.3 | 957.61 | 48.66 | 1006.27 | OK | |
r-release-linux-x86_64 | 0.1.3 | 966.58 | 48.61 | 1015.19 | OK | |
r-release-macos-arm64 | 0.1.3 | 342.00 | NOTE | |||
r-release-macos-x86_64 | 0.1.3 | 251.00 | NOTE | |||
r-release-windows-x86_64 | 0.1.3 | 883.00 | 102.00 | 985.00 | NOTE | |
r-oldrel-macos-arm64 | 0.1.3 | 279.00 | NOTE | |||
r-oldrel-macos-x86_64 | 0.1.3 | 420.00 | NOTE | |||
r-oldrel-windows-x86_64 | 0.1.3 | 984.00 | 96.00 | 1080.00 | NOTE |
Version: 0.1.3
Check: installed package size
Result: NOTE
installed size is 5.2Mb
sub-directories of 1Mb or more:
data 1.9Mb
libs 2.0Mb
models 1.1Mb
Flavors: r-devel-linux-x86_64-fedora-clang, r-devel-windows-x86_64, r-release-macos-arm64, r-release-macos-x86_64, r-release-windows-x86_64, r-oldrel-macos-arm64, r-oldrel-macos-x86_64, r-oldrel-windows-x86_64
Version: 0.1.3
Check: data for non-ASCII characters
Result: NOTE
Note: found 47936 marked UTF-8 strings
Flavors: r-devel-linux-x86_64-fedora-clang, r-devel-linux-x86_64-fedora-gcc