Last updated on 2023-10-01 08:52:04 CEST.
Flavor | Version | Tinstall | Tcheck | Ttotal | Status | Flags |
---|---|---|---|---|---|---|
r-devel-linux-x86_64-debian-clang | 0.3.7 | 82.78 | 81.58 | 164.36 | NOTE | |
r-devel-linux-x86_64-debian-gcc | 0.3.7 | 61.37 | 61.81 | 123.18 | NOTE | |
r-devel-linux-x86_64-fedora-clang | 0.3.7 | 235.47 | NOTE | |||
r-devel-linux-x86_64-fedora-gcc | 0.3.7 | 239.81 | NOTE | |||
r-devel-windows-x86_64 | 0.3.7 | 60.00 | 111.00 | 171.00 | NOTE | |
r-patched-linux-x86_64 | 0.3.7 | 80.54 | 79.46 | 160.00 | NOTE | |
r-release-linux-x86_64 | 0.3.7 | 74.53 | 80.15 | 154.68 | NOTE | |
r-release-macos-arm64 | 0.3.7 | 66.00 | NOTE | |||
r-release-macos-x86_64 | 0.3.7 | 117.00 | NOTE | |||
r-release-windows-x86_64 | 0.3.7 | 80.00 | 128.00 | 208.00 | NOTE | |
r-oldrel-macos-arm64 | 0.3.7 | 64.00 | OK | |||
r-oldrel-macos-x86_64 | 0.3.7 | 78.00 | OK | |||
r-oldrel-windows-x86_64 | 0.3.7 | 79.00 | 117.00 | 196.00 | OK |
Version: 0.3.7
Check: C++ specification
Result: NOTE
Specified C++11: please drop specification unless essential
Flavors: r-devel-linux-x86_64-debian-clang, r-devel-linux-x86_64-debian-gcc, r-devel-linux-x86_64-fedora-clang, r-devel-linux-x86_64-fedora-gcc, r-devel-windows-x86_64, r-patched-linux-x86_64, r-release-linux-x86_64, r-release-macos-arm64, r-release-macos-x86_64, r-release-windows-x86_64