Last updated on 2023-09-22 07:57:38 CEST.
Flavor | Version | Tinstall | Tcheck | Ttotal | Status | Flags |
---|---|---|---|---|---|---|
r-devel-linux-x86_64-debian-clang | 0.5.1 | 24.92 | 39.23 | 64.15 | NOTE | |
r-devel-linux-x86_64-debian-gcc | 0.5.1 | 19.46 | 30.48 | 49.94 | NOTE | |
r-devel-linux-x86_64-fedora-clang | 0.5.1 | 93.41 | NOTE | |||
r-devel-linux-x86_64-fedora-gcc | 0.5.1 | 100.08 | NOTE | |||
r-devel-windows-x86_64 | 0.5.1 | 21.00 | 73.00 | 94.00 | NOTE | |
r-patched-linux-x86_64 | 0.5.1 | 25.33 | 37.91 | 63.24 | NOTE | |
r-release-linux-x86_64 | 0.5.1 | 27.26 | 38.13 | 65.39 | NOTE | |
r-release-macos-arm64 | 0.5.1 | 34.00 | NOTE | |||
r-release-macos-x86_64 | 0.5.1 | 51.00 | NOTE | |||
r-release-windows-x86_64 | 0.5.1 | 26.00 | 80.00 | 106.00 | NOTE | |
r-oldrel-macos-arm64 | 0.5.1 | 29.00 | OK | |||
r-oldrel-macos-x86_64 | 0.5.1 | 41.00 | OK | |||
r-oldrel-windows-x86_64 | 0.5.1 | 27.00 | 78.00 | 105.00 | OK |
Version: 0.5.1
Check: C++ specification
Result: NOTE
Specified C++11: please drop specification unless essential
Flavors: r-devel-linux-x86_64-debian-clang, r-devel-linux-x86_64-debian-gcc, r-devel-linux-x86_64-fedora-clang, r-devel-linux-x86_64-fedora-gcc, r-devel-windows-x86_64, r-patched-linux-x86_64, r-release-linux-x86_64, r-release-macos-arm64, r-release-macos-x86_64, r-release-windows-x86_64