Last updated on 2021-01-21 00:47:13 CET.
Flavor | Version | Tinstall | Tcheck | Ttotal | Status | Flags |
---|---|---|---|---|---|---|
r-devel-linux-x86_64-debian-clang | 3.0.1 | 2.06 | 30.47 | 32.53 | OK | |
r-devel-linux-x86_64-debian-gcc | 3.0.1 | 2.15 | 24.08 | 26.23 | OK | |
r-devel-linux-x86_64-fedora-clang | 3.0.1 | 49.13 | OK | |||
r-devel-linux-x86_64-fedora-gcc | 3.0.1 | 40.46 | OK | |||
r-devel-windows-ix86+x86_64 | 3.0.1 | 6.00 | 40.00 | 46.00 | OK | |
r-patched-linux-x86_64 | 3.0.1 | 2.73 | 29.71 | 32.44 | OK | |
r-patched-solaris-x86 | 3.0.1 | 59.70 | NOTE | |||
r-release-linux-x86_64 | 3.0.1 | 2.50 | 30.05 | 32.55 | OK | |
r-release-macos-x86_64 | 3.0.1 | OK | ||||
r-release-windows-ix86+x86_64 | 3.0.1 | 16.00 | 47.00 | 63.00 | OK | |
r-oldrel-macos-x86_64 | 3.0.1 | OK | ||||
r-oldrel-windows-ix86+x86_64 | 3.0.1 | 3.00 | 38.00 | 41.00 | OK |
Version: 3.0.1
Check: package dependencies
Result: NOTE
Package suggested but not available for checking: ‘terra’
Flavor: r-patched-solaris-x86