CRAN Package Check Results for Package naspaclust

Last updated on 2024-02-22 07:52:17 CET.

Flavor Version Tinstall Tcheck Ttotal Status Flags
r-devel-linux-x86_64-debian-clang 0.2.1 NOTE
r-devel-linux-x86_64-debian-gcc 0.2.1 5.64 50.44 56.08 NOTE
r-devel-linux-x86_64-fedora-clang 0.2.1 93.08 NOTE
r-devel-linux-x86_64-fedora-gcc 0.2.1 90.82 NOTE
r-devel-windows-x86_64 0.2.1 7.00 70.00 77.00 NOTE
r-patched-linux-x86_64 0.2.1 12.20 67.15 79.35 NOTE
r-release-linux-x86_64 0.2.1 6.78 67.71 74.49 NOTE
r-release-macos-arm64 0.2.1 31.00 NOTE
r-release-macos-x86_64 0.2.1 44.00 NOTE
r-release-windows-x86_64 0.2.1 9.00 80.00 89.00 NOTE
r-oldrel-macos-arm64 0.2.1 26.00 NOTE
r-oldrel-windows-x86_64 0.2.1 8.00 81.00 89.00 NOTE

Check Details

Version: 0.2.1
Check: package dependencies
Result: NOTE Package suggested but not available for checking: ‘spatialClust’ Flavors: r-devel-linux-x86_64-debian-clang, r-devel-linux-x86_64-debian-gcc, r-devel-linux-x86_64-fedora-clang, r-devel-linux-x86_64-fedora-gcc, r-devel-windows-x86_64, r-patched-linux-x86_64, r-release-linux-x86_64, r-release-macos-arm64, r-release-macos-x86_64, r-release-windows-x86_64, r-oldrel-macos-arm64, r-oldrel-windows-x86_64

Version: 0.2.1
Check: dependencies in R code
Result: NOTE Namespace in Imports field not imported from: ‘Rdpack’ All declared Imports should be used. Flavors: r-devel-linux-x86_64-fedora-clang, r-devel-linux-x86_64-fedora-gcc, r-oldrel-macos-arm64