CRAN Package Check Results for Package nat

Last updated on 2020-05-30 02:02:40 CEST.

Flavor Version Tinstall Tcheck Ttotal Status Flags
r-devel-linux-x86_64-debian-clang 1.8.14 16.70 144.41 161.11 OK
r-devel-linux-x86_64-debian-gcc 1.8.14 13.63 110.46 124.09 OK
r-devel-linux-x86_64-fedora-clang 1.8.14 189.48 OK
r-devel-linux-x86_64-fedora-gcc 1.8.14 189.66 OK
r-devel-windows-ix86+x86_64 1.8.14 36.00 210.00 246.00 OK
r-patched-linux-x86_64 1.8.14 15.38 144.63 160.01 OK
r-patched-solaris-x86 1.8.14 245.20 OK
r-release-linux-x86_64 1.8.14 16.04 144.48 160.52 OK
r-release-osx-x86_64 1.8.14 OK
r-release-windows-ix86+x86_64 1.8.14 29.00 264.00 293.00 OK
r-oldrel-osx-x86_64 1.8.14 WARN
r-oldrel-windows-ix86+x86_64 1.8.14 29.00 158.00 187.00 OK

Check Details

Version: 1.8.14
Check: whether package can be installed
Result: WARN
    Found the following significant warnings:
     Warning: 'rgl_init' failed, running with rgl.useNULL = TRUE
Flavor: r-oldrel-osx-x86_64

Version: 1.8.14
Check: dependencies in R code
Result: NOTE
    No protocol specified
Flavor: r-oldrel-osx-x86_64

Version: 1.8.14
Check: S3 generic/method consistency
Result: WARN
    No protocol specified
    See section ‘Generic functions and methods’ in the ‘Writing R
    Extensions’ manual.
Flavor: r-oldrel-osx-x86_64

Version: 1.8.14
Check: replacement functions
Result: WARN
    No protocol specified
    The argument of a replacement function which corresponds to the right
    hand side must be named ‘value’.
Flavor: r-oldrel-osx-x86_64

Version: 1.8.14
Check: foreign function calls
Result: NOTE
    No protocol specified
    See chapter ‘System and foreign language interfaces’ in the ‘Writing R
    Extensions’ manual.
Flavor: r-oldrel-osx-x86_64

Version: 1.8.14
Check: R code for possible problems
Result: NOTE
    No protocol specified
Flavor: r-oldrel-osx-x86_64

Version: 1.8.14
Check: for missing documentation entries
Result: WARN
    No protocol specified
    All user-level objects in a package should have documentation entries.
    See chapter ‘Writing R documentation files’ in the ‘Writing R
    Extensions’ manual.
Flavor: r-oldrel-osx-x86_64

Version: 1.8.14
Check: for code/documentation mismatches
Result: WARN
    No protocol specified
    No protocol specified
    No protocol specified
Flavor: r-oldrel-osx-x86_64

Version: 1.8.14
Check: Rd \usage sections
Result: NOTE
    No protocol specified
    The \usage entries for S3 methods should use the \method markup and not
    their full name.
    See chapter ‘Writing R documentation files’ in the ‘Writing R
    Extensions’ manual.
Flavor: r-oldrel-osx-x86_64