CRAN Package Check Results for Package ncdf4

Last updated on 2024-06-16 06:58:52 CEST.

Flavor Version Tinstall Tcheck Ttotal Status Flags
r-devel-linux-x86_64-debian-clang 1.22 10.75 42.18 52.93 OK
r-devel-linux-x86_64-debian-gcc 1.22 6.98 31.25 38.23 OK
r-devel-linux-x86_64-fedora-clang 1.22 67.17 OK
r-devel-linux-x86_64-fedora-gcc 1.22 64.03 OK
r-devel-windows-x86_64 1.22 5.00 2.00 7.00 ERROR
r-patched-linux-x86_64 1.22 9.78 41.78 51.56 OK
r-release-linux-x86_64 1.22 7.87 41.02 48.89 OK
r-release-macos-arm64 1.22 24.00 NOTE
r-release-macos-x86_64 1.22 41.00 NOTE
r-release-windows-x86_64 1.22 4.00 2.00 6.00 ERROR
r-oldrel-macos-arm64 1.22 31.00 NOTE
r-oldrel-macos-x86_64 1.22 66.00 NOTE
r-oldrel-windows-x86_64 1.22 23.00 208.00 231.00 NOTE

Check Details

Version: 1.22
Check: whether package can be installed
Result: ERROR Installation failed. Flavors: r-devel-windows-x86_64, r-release-windows-x86_64

Version: 1.22
Check: installed package size
Result: NOTE installed size is 6.0Mb sub-directories of 1Mb or more: libs 5.6Mb Flavors: r-release-macos-arm64, r-release-macos-x86_64, r-oldrel-macos-arm64, r-oldrel-macos-x86_64, r-oldrel-windows-x86_64