CRAN Package Check Results for Package ndtv

Last updated on 2020-07-03 01:49:08 CEST.

Flavor Version Tinstall Tcheck Ttotal Status Flags
r-devel-linux-x86_64-debian-clang 0.13.0 7.77 330.33 338.10 NOTE
r-devel-linux-x86_64-debian-gcc 0.13.0 5.31 241.91 247.22 NOTE
r-devel-linux-x86_64-fedora-clang 0.13.0 421.60 NOTE
r-devel-linux-x86_64-fedora-gcc 0.13.0 453.38 NOTE
r-devel-windows-ix86+x86_64 0.13.0 19.00 164.00 183.00 OK --no-vignettes
r-patched-linux-x86_64 0.13.0 7.10 311.53 318.63 NOTE
r-patched-solaris-x86 0.13.0 719.50 NOTE --no-build-vignettes
r-release-linux-x86_64 0.13.0 6.72 423.97 430.69 NOTE
r-release-osx-x86_64 0.13.0 OK
r-release-windows-ix86+x86_64 0.13.0 14.00 158.00 172.00 OK --no-vignettes
r-oldrel-osx-x86_64 0.13.0 OK
r-oldrel-windows-ix86+x86_64 0.13.0 25.00 227.00 252.00 OK --no-vignettes

Additional issues

MKL

Check Details

Version: 0.13.0
Check: for non-standard things in the check directory
Result: NOTE
    Found the following files/directories:
     'testNet.dot' 'toy_epi_sim.net'
Flavors: r-devel-linux-x86_64-debian-clang, r-devel-linux-x86_64-debian-gcc, r-devel-linux-x86_64-fedora-clang, r-devel-linux-x86_64-fedora-gcc, r-patched-linux-x86_64, r-release-linux-x86_64

Version: 0.13.0
Flags: --no-build-vignettes
Check: for non-standard things in the check directory
Result: NOTE
    Found the following files/directories:
     ‘testNet.dot’ ‘toy_epi_sim.net’
Flavor: r-patched-solaris-x86