Last updated on 2023-11-29 07:52:18 CET.
Flavor | Version | Tinstall | Tcheck | Ttotal | Status | Flags |
---|---|---|---|---|---|---|
r-devel-linux-x86_64-debian-clang | 1.13.3 | 11.35 | 104.57 | 115.92 | NOTE | |
r-devel-linux-x86_64-debian-gcc | 1.13.3 | 9.48 | 76.43 | 85.91 | NOTE | |
r-devel-linux-x86_64-fedora-clang | 1.13.3 | 141.68 | OK | |||
r-devel-linux-x86_64-fedora-gcc | 1.13.3 | 154.77 | OK | |||
r-devel-windows-x86_64 | 1.13.3 | 10.00 | 98.00 | 108.00 | OK | |
r-patched-linux-x86_64 | 1.13.3 | 19.93 | 96.53 | 116.46 | OK | |
r-release-linux-x86_64 | 1.13.3 | 8.04 | 96.33 | 104.37 | OK | |
r-release-macos-arm64 | 1.13.3 | 48.00 | OK | |||
r-release-macos-x86_64 | 1.13.3 | 67.00 | OK | |||
r-release-windows-x86_64 | 1.13.3 | 15.00 | 122.00 | 137.00 | OK | |
r-oldrel-macos-arm64 | 1.13.3 | 39.00 | OK | |||
r-oldrel-macos-x86_64 | 1.13.3 | 56.00 | OK | |||
r-oldrel-windows-x86_64 | 1.13.3 | 15.00 | 120.00 | 135.00 | OK |
Version: 1.13.3
Check: Rd files
Result: NOTE
checkRd: (-1) norm_tests.Rd:69: Lost braces
69 | Anderson-Darling test." See url{https://github.com/Lakens/perfect-t-test} for
| ^
checkRd: (-1) t_neat.Rd:243: Lost braces
243 | Anderson-Darling test." See url{https://github.com/Lakens/perfect-t-test} for
| ^
Flavors: r-devel-linux-x86_64-debian-clang, r-devel-linux-x86_64-debian-gcc