Last updated on 2021-01-25 00:48:04 CET.
Flavor | Version | Tinstall | Tcheck | Ttotal | Status | Flags |
---|---|---|---|---|---|---|
r-devel-linux-x86_64-debian-clang | 1.5.1 | 8.76 | 80.55 | 89.31 | NOTE | |
r-devel-linux-x86_64-debian-gcc | 1.5.1 | 6.34 | 59.65 | 65.99 | NOTE | |
r-devel-linux-x86_64-fedora-clang | 1.5.1 | 113.02 | NOTE | |||
r-devel-linux-x86_64-fedora-gcc | 1.5.1 | 103.41 | NOTE | |||
r-devel-windows-ix86+x86_64 | 1.5.1 | 21.00 | 80.00 | 101.00 | OK | |
r-patched-linux-x86_64 | 1.5.1 | 5.66 | 74.19 | 79.85 | NOTE | |
r-patched-solaris-x86 | 1.5.1 | 131.30 | NOTE | |||
r-release-linux-x86_64 | 1.5.1 | 5.49 | 74.13 | 79.62 | NOTE | |
r-release-macos-x86_64 | 1.5.1 | NOTE | ||||
r-release-windows-ix86+x86_64 | 1.5.1 | 22.00 | 109.00 | 131.00 | OK | |
r-oldrel-macos-x86_64 | 1.5.1 | NOTE | ||||
r-oldrel-windows-ix86+x86_64 | 1.5.1 | 13.00 | 131.00 | 144.00 | OK |
Version: 1.5.1
Check: R code for possible problems
Result: NOTE
Found the following assignments to the global environment:
File 'neatStats/R/rbind_loop.R':
assign(merged_str, to_merge, envir = .GlobalEnv)
assign(merged_str, plyr::rbind.fill(merged, to_merge), envir = .GlobalEnv)
Flavors: r-devel-linux-x86_64-debian-clang, r-devel-linux-x86_64-debian-gcc, r-devel-linux-x86_64-fedora-clang, r-patched-linux-x86_64, r-release-linux-x86_64
Version: 1.5.1
Check: dependencies in R code
Result: NOTE
Namespace in Imports field not imported from: ‘ez’
All declared Imports should be used.
Flavors: r-devel-linux-x86_64-fedora-clang, r-devel-linux-x86_64-fedora-gcc, r-patched-solaris-x86, r-release-macos-x86_64, r-oldrel-macos-x86_64