Last updated on 2023-01-30 01:53:39 CET.
Flavor | Version | Tinstall | Tcheck | Ttotal | Status | Flags |
---|---|---|---|---|---|---|
r-devel-linux-x86_64-debian-clang | 1.2.2 | 81.82 | 88.33 | 170.15 | OK | |
r-devel-linux-x86_64-debian-gcc | 1.2.2 | 62.37 | 69.91 | 132.28 | OK | |
r-devel-linux-x86_64-fedora-clang | 1.2.2 | 216.72 | NOTE | |||
r-devel-linux-x86_64-fedora-gcc | 1.2.2 | 224.59 | NOTE | |||
r-devel-windows-x86_64 | 1.2.2 | 60.00 | 142.00 | 202.00 | OK | |
r-patched-linux-x86_64 | 1.2.2 | 58.70 | 86.43 | 145.13 | OK | |
r-release-linux-x86_64 | 1.2.2 | 53.14 | 87.68 | 140.82 | OK | |
r-release-macos-arm64 | 1.2.2 | 64.00 | NOTE | |||
r-release-macos-x86_64 | 1.2.2 | 90.00 | NOTE | |||
r-release-windows-x86_64 | 1.2.2 | 63.00 | 144.00 | 207.00 | OK | |
r-oldrel-macos-arm64 | 1.2.2 | 53.00 | NOTE | |||
r-oldrel-macos-x86_64 | 1.2.2 | 88.00 | NOTE | |||
r-oldrel-windows-ix86+x86_64 | 1.2.2 | 146.00 | 153.00 | 299.00 | OK |
Version: 1.2.2
Check: dependencies in R code
Result: NOTE
Namespaces in Imports field not imported from:
‘MASS’ ‘utils’
All declared Imports should be used.
Flavors: r-devel-linux-x86_64-fedora-clang, r-devel-linux-x86_64-fedora-gcc
Version: 1.2.2
Check: installed package size
Result: NOTE
installed size is 26.7Mb
sub-directories of 1Mb or more:
libs 25.8Mb
Flavors: r-release-macos-arm64, r-release-macos-x86_64, r-oldrel-macos-arm64, r-oldrel-macos-x86_64